CRAN Package Check Results for Package unitizer

Last updated on 2022-11-28 04:54:55 CET.

Flavor Version Tinstall Tcheck Ttotal Status Flags
r-devel-linux-x86_64-debian-clang 1.4.18 16.88 245.73 262.61 OK
r-devel-linux-x86_64-debian-gcc 1.4.18 17.16 186.55 203.71 OK
r-devel-linux-x86_64-fedora-clang 1.4.18 339.68 OK
r-devel-linux-x86_64-fedora-gcc 1.4.18 402.12 OK
r-devel-windows-x86_64 1.4.18 94.00 352.00 446.00 OK
r-patched-linux-x86_64 1.4.18 20.84 233.24 254.08 OK
r-release-linux-x86_64 1.4.18 22.04 232.25 254.29 OK
r-release-macos-arm64 1.4.18 116.00 OK
r-release-macos-x86_64 1.4.18 177.00 OK
r-release-windows-x86_64 1.4.18 180.00 393.00 573.00 OK
r-oldrel-macos-arm64 1.4.18 144.00 WARN
r-oldrel-macos-x86_64 1.4.18 200.00 WARN
r-oldrel-windows-ix86+x86_64 1.4.18 37.00 342.00 379.00 WARN

Check Details

Version: 1.4.18
Check: for unstated dependencies in ‘tests’
Result: WARN
    'library' or 'require' calls not declared from:
     ‘unitizerdummypkg1’ ‘unitizerdummypkg2’
Flavors: r-oldrel-macos-arm64, r-oldrel-macos-x86_64

Version: 1.4.18
Check: for unstated dependencies in ‘tests’
Result: WARN
    Warning: unable to access index for repository https://bioconductor.org/packages/3.14/bioc/src/contrib:
     cannot open URL 'https://bioconductor.org/packages/3.14/bioc/src/contrib/PACKAGES'
    Warning: unable to access index for repository https://bioconductor.org/packages/3.14/data/annotation/src/contrib:
     cannot open URL 'https://bioconductor.org/packages/3.14/data/annotation/src/contrib/PACKAGES'
    Warning: unable to access index for repository https://bioconductor.org/packages/3.14/data/experiment/src/contrib:
     cannot open URL 'https://bioconductor.org/packages/3.14/data/experiment/src/contrib/PACKAGES'
Flavor: r-oldrel-windows-ix86+x86_64