CRAN Package Check Results for Package unmarked

Last updated on 2019-08-19 05:46:37 CEST.

Flavor Version Tinstall Tcheck Ttotal Status Flags
r-devel-linux-x86_64-debian-clang 0.12-3 107.26 258.32 365.58 NOTE
r-devel-linux-x86_64-debian-gcc 0.12-3 99.24 196.00 295.24 NOTE
r-devel-linux-x86_64-fedora-clang 0.12-3 473.15 NOTE
r-devel-linux-x86_64-fedora-gcc 0.12-3 493.61 NOTE
r-devel-windows-ix86+x86_64 0.12-3 294.00 618.00 912.00 NOTE
r-patched-linux-x86_64 0.12-3 97.67 255.46 353.13 NOTE
r-patched-solaris-x86 0.12-3 584.30 NOTE
r-release-linux-x86_64 0.12-3 102.33 252.48 354.81 NOTE
r-release-windows-ix86+x86_64 0.12-3 192.00 339.00 531.00 NOTE
r-release-osx-x86_64 0.12-3 NOTE
r-oldrel-windows-ix86+x86_64 0.12-3 241.00 424.00 665.00 NOTE
r-oldrel-osx-x86_64 0.12-3 NOTE

Check Details

Version: 0.12-3
Check: for GNU extensions in Makefiles
Result: NOTE
    GNU make is a SystemRequirements.
Flavors: r-devel-linux-x86_64-debian-clang, r-devel-linux-x86_64-debian-gcc, r-devel-linux-x86_64-fedora-clang, r-devel-linux-x86_64-fedora-gcc, r-devel-windows-ix86+x86_64, r-patched-linux-x86_64, r-patched-solaris-x86, r-release-linux-x86_64, r-release-windows-ix86+x86_64, r-release-osx-x86_64, r-oldrel-windows-ix86+x86_64, r-oldrel-osx-x86_64

Version: 0.12-3
Check: installed package size
Result: NOTE
     installed size is 8.4Mb
     sub-directories of 1Mb or more:
     R 1.2Mb
     doc 1.6Mb
     libs 4.6Mb
Flavors: r-devel-linux-x86_64-fedora-clang, r-devel-windows-ix86+x86_64, r-release-windows-ix86+x86_64, r-release-osx-x86_64, r-oldrel-windows-ix86+x86_64, r-oldrel-osx-x86_64