CRAN Package Check Results for Package urltools

Last updated on 2019-07-16 05:48:37 CEST.

Flavor Version Tinstall Tcheck Ttotal Status Flags
r-devel-linux-x86_64-debian-clang 1.7.3 63.35 30.01 93.36 OK
r-devel-linux-x86_64-debian-gcc 1.7.3 49.78 24.34 74.12 OK
r-devel-linux-x86_64-fedora-clang 1.7.3 133.99 NOTE
r-devel-linux-x86_64-fedora-gcc 1.7.3 126.65 NOTE
r-devel-windows-ix86+x86_64 1.7.3 155.00 73.00 228.00 OK
r-patched-linux-x86_64 1.7.3 60.84 29.74 90.58 OK
r-patched-solaris-x86 1.7.3 135.70 NOTE
r-release-linux-x86_64 1.7.3 58.80 29.83 88.63 OK
r-release-windows-ix86+x86_64 1.7.3 119.00 98.00 217.00 OK
r-release-osx-x86_64 1.7.3 NOTE
r-oldrel-windows-ix86+x86_64 1.7.3 139.00 64.00 203.00 OK
r-oldrel-osx-x86_64 1.7.3 NOTE

Check Details

Version: 1.7.3
Check: data for non-ASCII characters
Result: NOTE
     Note: found 488 marked UTF-8 strings
Flavors: r-devel-linux-x86_64-fedora-clang, r-devel-linux-x86_64-fedora-gcc, r-patched-solaris-x86, r-release-osx-x86_64, r-oldrel-osx-x86_64