CRAN Package Check Results for Package urltools

Last updated on 2019-10-15 05:48:01 CEST.

Flavor Version Tinstall Tcheck Ttotal Status Flags
r-devel-linux-x86_64-debian-clang 1.7.3 70.51 28.89 99.40 OK
r-devel-linux-x86_64-debian-gcc 1.7.3 49.34 23.73 73.07 OK
r-devel-linux-x86_64-fedora-clang 1.7.3 136.57 NOTE
r-devel-linux-x86_64-fedora-gcc 1.7.3 128.96 NOTE
r-devel-windows-ix86+x86_64 1.7.3 112.00 105.00 217.00 OK
r-patched-linux-x86_64 1.7.3 52.11 28.81 80.92 OK
r-patched-solaris-x86 1.7.3 129.30 NOTE
r-release-linux-x86_64 1.7.3 54.95 29.65 84.60 OK
r-release-windows-ix86+x86_64 1.7.3 158.00 76.00 234.00 OK
r-release-osx-x86_64 1.7.3 NOTE
r-oldrel-windows-ix86+x86_64 1.7.3 97.00 67.00 164.00 OK
r-oldrel-osx-x86_64 1.7.3 NOTE

Check Details

Version: 1.7.3
Check: data for non-ASCII characters
Result: NOTE
     Note: found 488 marked UTF-8 strings
Flavors: r-devel-linux-x86_64-fedora-clang, r-devel-linux-x86_64-fedora-gcc, r-patched-solaris-x86, r-release-osx-x86_64, r-oldrel-osx-x86_64