CRAN Package Check Results for Package urltools

Last updated on 2019-05-23 05:49:21 CEST.

Flavor Version Tinstall Tcheck Ttotal Status Flags
r-devel-linux-x86_64-debian-clang 1.7.3 59.65 29.64 89.29 OK
r-devel-linux-x86_64-debian-gcc 1.7.3 49.83 24.19 74.02 OK
r-devel-linux-x86_64-fedora-clang 1.7.3 143.48 NOTE
r-devel-linux-x86_64-fedora-gcc 1.7.3 124.23 NOTE
r-devel-windows-ix86+x86_64 1.7.3 115.00 87.00 202.00 OK
r-patched-linux-x86_64 1.7.3 59.42 29.65 89.07 OK
r-patched-solaris-x86 1.7.3 131.70 NOTE
r-release-linux-x86_64 1.7.3 59.00 29.81 88.81 OK
r-release-windows-ix86+x86_64 1.7.3 155.00 87.00 242.00 OK
r-release-osx-x86_64 1.7.3 NOTE
r-oldrel-windows-ix86+x86_64 1.7.3 101.00 68.00 169.00 OK
r-oldrel-osx-x86_64 1.7.3 NOTE

Check Details

Version: 1.7.3
Check: data for non-ASCII characters
Result: NOTE
     Note: found 488 marked UTF-8 strings
Flavors: r-devel-linux-x86_64-fedora-clang, r-devel-linux-x86_64-fedora-gcc, r-patched-solaris-x86, r-release-osx-x86_64, r-oldrel-osx-x86_64