CRAN Package Check Results for Package usefun

Last updated on 2022-01-26 05:54:33 CET.

Flavor Version Tinstall Tcheck Ttotal Status Flags
r-devel-linux-x86_64-debian-clang 0.4.8 4.33 58.63 62.96 NOTE
r-devel-linux-x86_64-debian-gcc 0.4.8 3.30 44.60 47.90 NOTE
r-devel-linux-x86_64-fedora-clang 0.4.8 75.05 NOTE
r-devel-linux-x86_64-fedora-gcc 0.4.8 64.36 NOTE
r-devel-windows-x86_64-new-UL 0.4.8 38.00 86.00 124.00 NOTE
r-devel-windows-x86_64-new-TK 0.4.8 NOTE
r-patched-linux-x86_64 0.4.8 4.92 54.23 59.15 NOTE
r-release-linux-x86_64 0.4.8 3.45 53.76 57.21 NOTE
r-release-macos-arm64 0.4.8 NOTE
r-release-macos-x86_64 0.4.8 NOTE
r-release-windows-ix86+x86_64 0.4.8 12.00 68.00 80.00 NOTE
r-oldrel-macos-x86_64 0.4.8 OK
r-oldrel-windows-ix86+x86_64 0.4.8 11.00 69.00 80.00 OK

Check Details

Version: 0.4.8
Check: LazyData
Result: NOTE
     'LazyData' is specified without a 'data' directory
Flavors: r-devel-linux-x86_64-debian-clang, r-devel-linux-x86_64-debian-gcc, r-devel-linux-x86_64-fedora-clang, r-devel-linux-x86_64-fedora-gcc, r-devel-windows-x86_64-new-UL, r-devel-windows-x86_64-new-TK, r-patched-linux-x86_64, r-release-linux-x86_64, r-release-macos-arm64, r-release-macos-x86_64, r-release-windows-ix86+x86_64