CRAN Package Check Results for Package usethat

Last updated on 2021-12-06 05:53:27 CET.

Flavor Version Tinstall Tcheck Ttotal Status Flags
r-devel-linux-x86_64-debian-clang 0.3.0 2.05 35.43 37.48 OK
r-devel-linux-x86_64-debian-gcc 0.3.0 1.84 27.74 29.58 OK
r-devel-linux-x86_64-fedora-clang 0.3.0 48.92 NOTE
r-devel-linux-x86_64-fedora-gcc 0.3.0 34.84 NOTE
r-devel-windows-x86_64-new-UL 0.3.0 8.00 74.00 82.00 OK
r-devel-windows-x86_64-new-TK 0.3.0 NOTE
r-devel-windows-x86_64-old 0.3.0 5.00 35.00 40.00 OK
r-patched-linux-x86_64 0.3.0 2.03 25.12 27.15 OK
r-release-linux-x86_64 0.3.0 2.22 33.19 35.41 OK
r-release-macos-arm64 0.3.0 NOTE
r-release-macos-x86_64 0.3.0 NOTE
r-release-windows-ix86+x86_64 0.3.0 6.00 48.00 54.00 OK
r-oldrel-macos-x86_64 0.3.0 NOTE
r-oldrel-windows-ix86+x86_64 0.3.0 7.00 50.00 57.00 OK

Check Details

Version: 0.3.0
Check: dependencies in R code
Result: NOTE
    Namespace in Imports field not imported from: ‘microservices’
     All declared Imports should be used.
Flavors: r-devel-linux-x86_64-fedora-clang, r-devel-linux-x86_64-fedora-gcc, r-devel-windows-x86_64-new-TK, r-release-macos-arm64, r-release-macos-x86_64, r-oldrel-macos-x86_64