CRAN Package Check Results for Package usethis

Last updated on 2021-10-22 06:00:04 CEST.

Flavor Version Tinstall Tcheck Ttotal Status Flags
r-devel-linux-x86_64-debian-clang 2.1.0 11.67 125.73 137.40 OK
r-devel-linux-x86_64-debian-gcc 2.1.0 8.52 97.29 105.81 OK
r-devel-linux-x86_64-fedora-clang 2.1.0 175.79 NOTE
r-devel-linux-x86_64-fedora-gcc 2.1.0 155.08 NOTE
r-devel-windows-x86_64 2.1.0 12.00 150.00 162.00 OK
r-devel-windows-x86_64-gcc10-UCRT 2.1.0 NOTE
r-patched-linux-x86_64 2.1.0 11.07 125.01 136.08 OK
r-patched-solaris-x86 2.1.0 182.90 NOTE
r-release-linux-x86_64 2.1.0 11.53 123.99 135.52 OK
r-release-macos-arm64 2.0.1 NOTE
r-release-macos-x86_64 2.1.0 NOTE
r-release-windows-ix86+x86_64 2.1.0 13.00 109.00 122.00 OK
r-oldrel-macos-x86_64 2.1.0 NOTE
r-oldrel-windows-ix86+x86_64 2.1.0 11.00 115.00 126.00 OK

Check Details

Version: 2.1.0
Check: dependencies in R code
Result: NOTE
    Namespace in Imports field not imported from: ‘ellipsis’
     All declared Imports should be used.
Flavors: r-devel-linux-x86_64-fedora-clang, r-devel-linux-x86_64-fedora-gcc, r-devel-windows-x86_64-gcc10-UCRT, r-patched-solaris-x86, r-release-macos-x86_64, r-oldrel-macos-x86_64

Version: 2.0.1
Check: LazyData
Result: NOTE
     'LazyData' is specified without a 'data' directory
Flavor: r-release-macos-arm64