CRAN Package Check Results for Package usethis

Last updated on 2020-02-27 05:49:04 CET.

Flavor Version Tinstall Tcheck Ttotal Status Flags
r-devel-linux-x86_64-debian-clang 1.5.1 5.81 84.54 90.35 OK
r-devel-linux-x86_64-debian-gcc 1.5.1 6.34 65.10 71.44 OK
r-devel-linux-x86_64-fedora-clang 1.5.1 116.28 OK
r-devel-linux-x86_64-fedora-gcc 1.5.1 104.84 OK
r-devel-windows-ix86+x86_64 1.5.1 13.00 102.00 115.00 OK
r-devel-windows-ix86+x86_64-gcc8 1.5.1 14.00 94.00 108.00 OK
r-patched-linux-x86_64 1.5.1 6.04 77.49 83.53 OK
r-patched-solaris-x86 1.5.1 132.40 ERROR
r-release-linux-x86_64 1.5.1 5.99 78.42 84.41 OK
r-release-windows-ix86+x86_64 1.5.1 12.00 99.00 111.00 OK
r-release-osx-x86_64 1.5.1 OK
r-oldrel-windows-ix86+x86_64 1.5.1 9.00 95.00 104.00 OK
r-oldrel-osx-x86_64 1.5.1 OK

Check Details

Version: 1.5.1
Check: tests
Result: ERROR
     Running ‘spelling.R’
     Running ‘testthat.R’ [44s/92s]
    Running the tests in ‘tests/testthat.R’ failed.
    Complete output:
     > library(testthat)
     > library(usethis)
     >
     > test_check("usethis")
     ── 1. Failure: use_logo() doesn't error (@test-use-logo.R#9) ──────────────────
     `use_logo("logo.png")` threw an error.
     Message: R: negative or zero image size `' @ error/image.c/CloneImage/812
     Class: Magick::ErrorCorruptImage/C++Error/error/condition
     Backtrace:
     1. usethis:::expect_error_free(use_logo("logo.png"))
     7. usethis::use_logo("logo.png")
     8. magick::image_write(img_data, logo_path)
     9. magick:::magick_image_write(...)
    
     ══ testthat results ═══════════════════════════════════════════════════════════
     [ OK: 418 | SKIPPED: 16 | WARNINGS: 1 | FAILED: 1 ]
     1. Failure: use_logo() doesn't error (@test-use-logo.R#9)
    
     Error: testthat unit tests failed
     Execution halted
Flavor: r-patched-solaris-x86