CRAN Package Check Results for Package usfertilizer

Last updated on 2024-06-16 06:59:02 CEST.

Flavor Version Tinstall Tcheck Ttotal Status Flags
r-devel-linux-x86_64-debian-clang 0.1.5 2.30 55.20 57.50 OK
r-devel-linux-x86_64-debian-gcc 0.1.5 2.09 43.20 45.29 OK
r-devel-linux-x86_64-fedora-clang 0.1.5 74.21 NOTE
r-devel-linux-x86_64-fedora-gcc 0.1.5 81.95 NOTE
r-devel-windows-x86_64 0.1.5 4.00 60.00 64.00 OK
r-patched-linux-x86_64 0.1.5 1.76 52.77 54.53 OK
r-release-linux-x86_64 0.1.5 1.79 51.53 53.32 OK
r-release-macos-arm64 0.1.5 39.00 OK
r-release-macos-x86_64 0.1.5 52.00 OK
r-release-windows-x86_64 0.1.5 4.00 62.00 66.00 OK
r-oldrel-macos-arm64 0.1.5 36.00 OK
r-oldrel-macos-x86_64 0.1.5 56.00 OK
r-oldrel-windows-x86_64 0.1.5 4.00 68.00 72.00 OK

Check Details

Version: 0.1.5
Check: dependencies in R code
Result: NOTE Namespace in Imports field not imported from: ‘tidyverse’ All declared Imports should be used. Flavors: r-devel-linux-x86_64-fedora-clang, r-devel-linux-x86_64-fedora-gcc