CRAN Package Check Results for Package utilityFunctionTools

Last updated on 2022-01-21 05:52:26 CET.

Flavor Version Tinstall Tcheck Ttotal Status Flags
r-devel-linux-x86_64-debian-clang 0.1.1 OK
r-devel-linux-x86_64-debian-gcc 0.1.1 6.81 0.55 7.36 FAIL
r-devel-linux-x86_64-fedora-clang 0.1.1 101.79 OK
r-devel-linux-x86_64-fedora-gcc 0.1.1 89.00 OK
r-devel-windows-x86_64-new-UL 0.1.1 79.00 94.00 173.00 OK
r-devel-windows-x86_64-new-TK 0.1.1 OK
r-patched-linux-x86_64 0.1.1 6.32 74.55 80.87 OK
r-release-linux-x86_64 0.1.1 6.53 72.81 79.34 OK
r-release-macos-arm64 0.1.1 OK
r-release-macos-x86_64 0.1.1 OK
r-release-windows-ix86+x86_64 0.1.1 16.00 87.00 103.00 OK
r-oldrel-macos-x86_64 0.1.1 OK
r-oldrel-windows-ix86+x86_64 0.1.1 17.00 87.00 104.00 OK

Check Details

Version: 0.1.1
Check: package dependencies
Result: FAIL
Flavor: r-devel-linux-x86_64-debian-gcc