CRAN Package Check Results for Package vICC

Last updated on 2024-06-18 05:57:50 CEST.

Flavor Version Tinstall Tcheck Ttotal Status Flags
r-devel-linux-x86_64-debian-clang 1.0.0 5.71 56.74 62.45 OK
r-devel-linux-x86_64-debian-gcc 1.0.0 4.70 42.81 47.51 OK
r-devel-linux-x86_64-fedora-clang 1.0.0 82.95 NOTE
r-devel-linux-x86_64-fedora-gcc 1.0.0 75.08 NOTE
r-devel-windows-x86_64 1.0.0 8.00 63.00 71.00 OK
r-patched-linux-x86_64 1.0.0 5.28 56.42 61.70 OK
r-release-linux-x86_64 1.0.0 4.94 53.53 58.47 OK
r-release-macos-arm64 1.0.0 26.00 OK
r-release-macos-x86_64 1.0.0 47.00 OK
r-release-windows-x86_64 1.0.0 8.00 62.00 70.00 OK
r-oldrel-macos-arm64 1.0.0 27.00 OK
r-oldrel-macos-x86_64 1.0.0 39.00 OK
r-oldrel-windows-x86_64 1.0.0 9.00 70.00 79.00 OK

Check Details

Version: 1.0.0
Check: dependencies in R code
Result: NOTE Namespace in Imports field not imported from: ‘Rdpack’ All declared Imports should be used. Flavors: r-devel-linux-x86_64-fedora-clang, r-devel-linux-x86_64-fedora-gcc