CRAN Package Check Results for Package vagalumeR

Last updated on 2021-12-06 05:53:27 CET.

Flavor Version Tinstall Tcheck Ttotal Status Flags
r-devel-linux-x86_64-debian-clang 0.1.6 2.01 29.66 31.67 NOTE
r-devel-linux-x86_64-debian-gcc 0.1.6 1.76 23.22 24.98 NOTE
r-devel-linux-x86_64-fedora-clang 0.1.6 41.46 NOTE
r-devel-linux-x86_64-fedora-gcc 0.1.6 28.00 NOTE
r-devel-windows-x86_64-new-UL 0.1.6 7.00 57.00 64.00 NOTE
r-devel-windows-x86_64-new-TK 0.1.6 NOTE
r-devel-windows-x86_64-old 0.1.6 4.00 28.00 32.00 NOTE
r-patched-linux-x86_64 0.1.6 1.98 19.76 21.74 NOTE
r-release-linux-x86_64 0.1.6 1.99 27.92 29.91 NOTE
r-release-macos-arm64 0.1.6 NOTE
r-release-macos-x86_64 0.1.6 NOTE
r-release-windows-ix86+x86_64 0.1.6 5.00 40.00 45.00 NOTE
r-oldrel-macos-x86_64 0.1.6 OK
r-oldrel-windows-ix86+x86_64 0.1.6 6.00 41.00 47.00 OK

Check Details

Version: 0.1.6
Check: LazyData
Result: NOTE
     'LazyData' is specified without a 'data' directory
Flavors: r-devel-linux-x86_64-debian-clang, r-devel-linux-x86_64-debian-gcc, r-devel-linux-x86_64-fedora-clang, r-devel-linux-x86_64-fedora-gcc, r-devel-windows-x86_64-new-UL, r-devel-windows-x86_64-new-TK, r-devel-windows-x86_64-old, r-patched-linux-x86_64, r-release-linux-x86_64, r-release-macos-arm64, r-release-macos-x86_64, r-release-windows-ix86+x86_64