CRAN Package Check Results for Package valaddin

Last updated on 2021-11-29 05:50:01 CET.

Flavor Version Tinstall Tcheck Ttotal Status Flags
r-devel-linux-x86_64-debian-clang 1.0.1 NOTE
r-devel-linux-x86_64-debian-gcc 1.0.1 3.81 45.10 48.91 NOTE
r-devel-linux-x86_64-fedora-clang 1.0.1 91.92 NOTE
r-devel-linux-x86_64-fedora-gcc 1.0.1 77.38 NOTE
r-devel-windows-x86_64-new-UL 1.0.1 13.00 99.00 112.00 NOTE
r-devel-windows-x86_64-new-TK 1.0.1 NOTE
r-devel-windows-x86_64-old 1.0.1 6.00 84.00 90.00 NOTE
r-patched-linux-x86_64 1.0.1 4.89 57.97 62.86 NOTE
r-patched-solaris-x86 1.0.1 98.50 NOTE
r-release-linux-x86_64 1.0.1 5.22 56.95 62.17 NOTE
r-release-macos-arm64 1.0.1 NOTE
r-release-macos-x86_64 1.0.1 NOTE
r-release-windows-ix86+x86_64 1.0.1 11.00 58.00 69.00 NOTE
r-oldrel-macos-x86_64 1.0.1 OK
r-oldrel-windows-ix86+x86_64 1.0.1 9.00 90.00 99.00 OK

Check Details

Version: 1.0.1
Check: LazyData
Result: NOTE
     'LazyData' is specified without a 'data' directory
Flavors: r-devel-linux-x86_64-debian-clang, r-devel-linux-x86_64-debian-gcc, r-devel-linux-x86_64-fedora-clang, r-devel-linux-x86_64-fedora-gcc, r-devel-windows-x86_64-new-UL, r-devel-windows-x86_64-new-TK, r-devel-windows-x86_64-old, r-patched-linux-x86_64, r-patched-solaris-x86, r-release-linux-x86_64, r-release-macos-arm64, r-release-macos-x86_64, r-release-windows-ix86+x86_64