CRAN Package Check Results for Package validata

Last updated on 2022-01-16 05:51:37 CET.

Flavor Version Tinstall Tcheck Ttotal Status Flags
r-devel-linux-x86_64-debian-clang 0.1.0 2.27 47.29 49.56 OK
r-devel-linux-x86_64-debian-gcc 0.1.0 2.81 36.54 39.35 OK
r-devel-linux-x86_64-fedora-clang 0.1.0 60.61 NOTE
r-devel-linux-x86_64-fedora-gcc 0.1.0 52.73 NOTE
r-devel-windows-x86_64-new-UL 0.1.0 36.00 79.00 115.00 OK
r-devel-windows-x86_64-new-TK 0.1.0 NOTE
r-patched-linux-x86_64 0.1.0 3.70 45.48 49.18 OK
r-release-linux-x86_64 0.1.0 OK
r-release-macos-arm64 0.1.0 NOTE
r-release-macos-x86_64 0.1.0 NOTE
r-release-windows-ix86+x86_64 0.1.0 9.00 59.00 68.00 OK
r-oldrel-macos-x86_64 0.1.0 NOTE
r-oldrel-windows-ix86+x86_64 0.1.0 9.00 60.00 69.00 OK

Check Details

Version: 0.1.0
Check: dependencies in R code
Result: NOTE
    Namespaces in Imports field not imported from:
     ‘BBmisc’ ‘badger’
     All declared Imports should be used.
Flavors: r-devel-linux-x86_64-fedora-clang, r-devel-linux-x86_64-fedora-gcc, r-devel-windows-x86_64-new-TK, r-release-macos-arm64, r-release-macos-x86_64, r-oldrel-macos-x86_64