CRAN Package Check Results for Package valr

Last updated on 2021-11-29 05:50:01 CET.

Flavor Version Tinstall Tcheck Ttotal Status Flags
r-devel-linux-x86_64-debian-clang 0.6.3 OK
r-devel-linux-x86_64-debian-gcc 0.6.3 107.54 88.31 195.85 OK
r-devel-linux-x86_64-fedora-clang 0.6.3 416.70 NOTE
r-devel-linux-x86_64-fedora-gcc 0.6.3 370.67 OK
r-devel-windows-x86_64-new-UL 0.6.3 205.00 212.00 417.00 OK
r-devel-windows-x86_64-new-TK 0.6.3 OK
r-devel-windows-x86_64-old 0.6.3 164.00 165.00 329.00 OK
r-patched-linux-x86_64 0.6.3 139.18 110.37 249.55 OK
r-patched-solaris-x86 0.6.3 349.90 OK
r-release-linux-x86_64 0.6.3 122.20 110.26 232.46 OK
r-release-macos-arm64 0.6.3 NOTE
r-release-macos-x86_64 0.6.3 NOTE
r-release-windows-ix86+x86_64 0.6.3 370.00 185.00 555.00 OK
r-oldrel-macos-x86_64 0.6.3 NOTE
r-oldrel-windows-ix86+x86_64 0.6.3 322.00 252.00 574.00 OK

Check Details

Version: 0.6.3
Check: installed package size
Result: NOTE
     installed size is 8.0Mb
     sub-directories of 1Mb or more:
     libs 7.0Mb
Flavors: r-devel-linux-x86_64-fedora-clang, r-release-macos-arm64, r-release-macos-x86_64, r-oldrel-macos-x86_64

Version: 0.6.3
Check: package dependencies
Result: NOTE
    Package suggested but not available for checking: ‘GenomicRanges’
Flavor: r-release-macos-arm64