CRAN Package Check Results for Package valueEQ5D

Last updated on 2020-05-30 05:48:21 CEST.

Flavor Version Tinstall Tcheck Ttotal Status Flags
r-devel-linux-x86_64-debian-clang 0.5.1 4.30 40.40 44.70 OK
r-devel-linux-x86_64-debian-gcc 0.5.1 3.39 30.65 34.04 OK
r-devel-linux-x86_64-fedora-clang 0.5.1 56.83 NOTE
r-devel-linux-x86_64-fedora-gcc 0.5.1 52.58 NOTE
r-devel-windows-ix86+x86_64 0.5.1 12.00 113.00 125.00 OK
r-patched-linux-x86_64 0.5.1 4.15 40.35 44.50 OK
r-patched-solaris-x86 0.5.1 74.30 NOTE
r-release-linux-x86_64 0.5.1 3.78 40.47 44.25 OK
r-release-osx-x86_64 0.5.1 NOTE
r-release-windows-ix86+x86_64 0.5.1 9.00 117.00 126.00 OK
r-oldrel-osx-x86_64 0.5.1 NOTE
r-oldrel-windows-ix86+x86_64 0.5.1 7.00 52.00 59.00 OK

Check Details

Version: 0.5.1
Check: dependencies in R code
Result: NOTE
    Namespaces in Imports field not imported from:
     ‘rstudioapi’ ‘testthat’
     All declared Imports should be used.
Flavors: r-devel-linux-x86_64-fedora-clang, r-devel-linux-x86_64-fedora-gcc, r-patched-solaris-x86, r-release-osx-x86_64, r-oldrel-osx-x86_64