CRAN Package Check Results for Package valueEQ5D

Last updated on 2019-10-17 05:47:20 CEST.

Flavor Version Tinstall Tcheck Ttotal Status Flags
r-devel-linux-x86_64-debian-clang 0.4.5 2.83 36.08 38.91 OK
r-devel-linux-x86_64-debian-gcc 0.4.5 2.78 28.06 30.84 OK
r-devel-linux-x86_64-fedora-clang 0.4.5 47.70 NOTE
r-devel-linux-x86_64-fedora-gcc 0.4.5 46.76 NOTE
r-devel-windows-ix86+x86_64 0.4.5 11.00 53.00 64.00 OK
r-patched-linux-x86_64 0.4.5 3.02 35.01 38.03 OK
r-patched-solaris-x86 0.4.5 62.30 NOTE
r-release-linux-x86_64 0.4.5 2.81 35.52 38.33 OK
r-release-windows-ix86+x86_64 0.4.5 5.00 69.00 74.00 OK
r-release-osx-x86_64 0.4.5 NOTE
r-oldrel-windows-ix86+x86_64 0.4.5 4.00 44.00 48.00 OK
r-oldrel-osx-x86_64 0.4.5 NOTE

Check Details

Version: 0.4.5
Check: dependencies in R code
Result: NOTE
    Namespaces in Imports field not imported from:
     ‘rstudioapi’ ‘testthat’
     All declared Imports should be used.
Flavors: r-devel-linux-x86_64-fedora-clang, r-devel-linux-x86_64-fedora-gcc, r-patched-solaris-x86, r-release-osx-x86_64, r-oldrel-osx-x86_64