CRAN Package Check Results for Package variantspark

Last updated on 2022-01-24 05:52:06 CET.

Flavor Version Tinstall Tcheck Ttotal Status Flags
r-devel-linux-x86_64-debian-clang 0.1.1 7.20 64.59 71.79 NOTE
r-devel-linux-x86_64-debian-gcc 0.1.1 4.43 48.51 52.94 NOTE
r-devel-linux-x86_64-fedora-clang 0.1.1 86.62 NOTE
r-devel-linux-x86_64-fedora-gcc 0.1.1 73.51 NOTE
r-devel-windows-x86_64-new-UL 0.1.1 50.00 89.00 139.00 NOTE
r-devel-windows-x86_64-new-TK 0.1.1 NOTE
r-patched-linux-x86_64 0.1.1 6.85 59.47 66.32 NOTE
r-release-linux-x86_64 0.1.1 7.57 60.54 68.11 NOTE
r-release-macos-arm64 0.1.1 NOTE
r-release-macos-x86_64 0.1.1 NOTE
r-release-windows-ix86+x86_64 0.1.1 16.00 81.00 97.00 NOTE
r-oldrel-macos-x86_64 0.1.1 OK
r-oldrel-windows-ix86+x86_64 0.1.1 17.00 79.00 96.00 OK

Check Details

Version: 0.1.1
Check: LazyData
Result: NOTE
     'LazyData' is specified without a 'data' directory
Flavors: r-devel-linux-x86_64-debian-clang, r-devel-linux-x86_64-debian-gcc, r-devel-linux-x86_64-fedora-clang, r-devel-linux-x86_64-fedora-gcc, r-devel-windows-x86_64-new-UL, r-devel-windows-x86_64-new-TK, r-patched-linux-x86_64, r-release-linux-x86_64, r-release-macos-arm64, r-release-macos-x86_64, r-release-windows-ix86+x86_64