CRAN Package Check Results for Package varjmcm

Last updated on 2022-05-28 05:53:22 CEST.

Flavor Version Tinstall Tcheck Ttotal Status Flags
r-devel-linux-x86_64-debian-clang 0.1.1 7.18 82.48 89.66 NOTE
r-devel-linux-x86_64-debian-gcc 0.1.1 7.32 62.26 69.58 NOTE
r-devel-linux-x86_64-fedora-clang 0.1.1 107.87 NOTE
r-devel-linux-x86_64-fedora-gcc 0.1.1 96.16 NOTE
r-devel-windows-x86_64 0.1.1 18.00 96.00 114.00 NOTE
r-patched-linux-x86_64 0.1.1 8.00 77.26 85.26 NOTE
r-release-linux-x86_64 0.1.1 7.88 77.46 85.34 NOTE
r-release-macos-arm64 0.1.1 30.00 NOTE
r-release-macos-x86_64 0.1.1 43.00 NOTE
r-release-windows-x86_64 0.1.1 20.00 96.00 116.00 NOTE
r-oldrel-macos-arm64 0.1.1 37.00 NOTE
r-oldrel-macos-x86_64 0.1.1 60.00 NOTE
r-oldrel-windows-ix86+x86_64 0.1.1 18.00 88.00 106.00 NOTE

Check Details

Version: 0.1.1
Check: LazyData
Result: NOTE
     'LazyData' is specified without a 'data' directory
Flavors: r-devel-linux-x86_64-debian-clang, r-devel-linux-x86_64-debian-gcc, r-devel-linux-x86_64-fedora-clang, r-devel-linux-x86_64-fedora-gcc, r-devel-windows-x86_64, r-patched-linux-x86_64, r-release-linux-x86_64, r-release-macos-arm64, r-release-macos-x86_64, r-release-windows-x86_64, r-oldrel-macos-arm64, r-oldrel-macos-x86_64, r-oldrel-windows-ix86+x86_64