CRAN Package Check Results for Package varjmcm

Last updated on 2024-06-13 06:58:22 CEST.

Flavor Version Tinstall Tcheck Ttotal Status Flags
r-devel-linux-x86_64-debian-clang 0.1.1 8.98 71.66 80.64 NOTE
r-devel-linux-x86_64-debian-gcc 0.1.1 7.16 53.32 60.48 NOTE
r-devel-linux-x86_64-fedora-clang 0.1.1 105.45 NOTE
r-devel-linux-x86_64-fedora-gcc 0.1.1 95.43 NOTE
r-devel-windows-x86_64 0.1.1 8.00 67.00 75.00 NOTE
r-patched-linux-x86_64 0.1.1 9.01 67.98 76.99 NOTE
r-release-linux-x86_64 0.1.1 7.18 67.27 74.45 NOTE
r-release-macos-arm64 0.1.1 31.00 NOTE
r-release-macos-x86_64 0.1.1 45.00 NOTE
r-release-windows-x86_64 0.1.1 8.00 68.00 76.00 NOTE
r-oldrel-macos-arm64 0.1.1 33.00 NOTE
r-oldrel-macos-x86_64 0.1.1 52.00 NOTE
r-oldrel-windows-x86_64 0.1.1 10.00 79.00 89.00 NOTE

Check Details

Version: 0.1.1
Check: LazyData
Result: NOTE 'LazyData' is specified without a 'data' directory Flavors: r-devel-linux-x86_64-debian-clang, r-devel-linux-x86_64-debian-gcc, r-devel-linux-x86_64-fedora-clang, r-devel-linux-x86_64-fedora-gcc, r-devel-windows-x86_64, r-patched-linux-x86_64, r-release-linux-x86_64, r-release-macos-arm64, r-release-macos-x86_64, r-release-windows-x86_64, r-oldrel-macos-arm64, r-oldrel-macos-x86_64, r-oldrel-windows-x86_64