Last updated on 2022-07-07 05:56:16 CEST.
Flavor | Version | Tinstall | Tcheck | Ttotal | Status | Flags |
---|---|---|---|---|---|---|
r-devel-linux-x86_64-debian-clang | 1.5-6 | 11.81 | 67.67 | 79.48 | NOTE | |
r-devel-linux-x86_64-debian-gcc | 1.5-6 | 7.90 | 51.03 | 58.93 | NOTE | |
r-devel-linux-x86_64-fedora-clang | 1.5-6 | 100.65 | NOTE | |||
r-devel-linux-x86_64-fedora-gcc | 1.5-6 | 101.57 | NOTE | |||
r-devel-windows-x86_64 | 1.5-6 | 31.00 | 105.00 | 136.00 | NOTE | |
r-patched-linux-x86_64 | 1.5-6 | 9.13 | 63.64 | 72.77 | OK | |
r-release-linux-x86_64 | 1.5-6 | 10.32 | 63.03 | 73.35 | OK | |
r-release-macos-arm64 | 1.5-6 | 70.00 | OK | |||
r-release-macos-x86_64 | 1.5-6 | 57.00 | OK | |||
r-release-windows-x86_64 | 1.5-6 | 38.00 | 110.00 | 148.00 | OK | |
r-oldrel-macos-arm64 | 1.5-6 | 27.00 | OK | |||
r-oldrel-macos-x86_64 | 1.5-6 | 40.00 | OK | |||
r-oldrel-windows-ix86+x86_64 | 1.5-6 | 19.00 | 87.00 | 106.00 | OK |
Version: 1.5-6
Check: Rd files
Result: NOTE
checkRd: (-1) irf.Rd:111: Escaped LaTeX specials: \&
Flavors: r-devel-linux-x86_64-debian-clang, r-devel-linux-x86_64-debian-gcc, r-devel-linux-x86_64-fedora-clang, r-devel-linux-x86_64-fedora-gcc, r-devel-windows-x86_64