CRAN Package Check Results for Package vcr

Last updated on 2021-10-19 05:51:20 CEST.

Flavor Version Tinstall Tcheck Ttotal Status Flags
r-devel-linux-x86_64-debian-clang 1.0.2 27.12 65.67 92.79 OK
r-devel-linux-x86_64-debian-gcc 1.0.2 22.18 50.56 72.74 OK
r-devel-linux-x86_64-fedora-clang 1.0.2 129.27 NOTE
r-devel-linux-x86_64-fedora-gcc 1.0.2 114.17 OK
r-devel-windows-x86_64 1.0.2 41.00 99.00 140.00 NOTE
r-devel-windows-x86_64-gcc10-UCRT 1.0.2 OK
r-patched-linux-x86_64 1.0.2 30.59 72.81 103.40 OK
r-patched-solaris-x86 1.0.2 147.00 NOTE
r-release-linux-x86_64 1.0.2 26.13 72.39 98.52 OK
r-release-macos-arm64 1.0.2 NOTE
r-release-macos-x86_64 1.0.2 NOTE
r-release-windows-ix86+x86_64 1.0.2 37.00 147.00 184.00 NOTE
r-oldrel-macos-x86_64 1.0.2 NOTE
r-oldrel-windows-ix86+x86_64 1.0.2 48.00 158.00 206.00 NOTE

Check Details

Version: 1.0.2
Check: installed package size
Result: NOTE
     installed size is 8.5Mb
     sub-directories of 1Mb or more:
     doc 7.2Mb
Flavors: r-devel-linux-x86_64-fedora-clang, r-devel-windows-x86_64, r-patched-solaris-x86, r-release-macos-arm64, r-release-macos-x86_64, r-release-windows-ix86+x86_64, r-oldrel-macos-x86_64, r-oldrel-windows-ix86+x86_64