CRAN Package Check Results for Package vegan

Last updated on 2019-09-16 05:47:11 CEST.

Flavor Version Tinstall Tcheck Ttotal Status Flags
r-devel-linux-x86_64-debian-clang 2.5-6 36.08 263.51 299.59 OK
r-devel-linux-x86_64-debian-gcc 2.5-6 28.89 203.02 231.91 OK
r-devel-linux-x86_64-fedora-clang 2.5-6 358.45 OK
r-devel-linux-x86_64-fedora-gcc 2.5-6 373.02 OK
r-devel-windows-ix86+x86_64 2.5-6 93.00 425.00 518.00 OK
r-patched-linux-x86_64 2.5-6 34.03 262.62 296.65 OK
r-patched-solaris-x86 2.5-6 451.10 OK
r-release-linux-x86_64 2.5-6 34.73 263.17 297.90 OK
r-release-windows-ix86+x86_64 2.5-6 63.00 525.00 588.00 OK
r-release-osx-x86_64 2.5-6 NOTE
r-oldrel-windows-ix86+x86_64 2.5-6 72.00 326.00 398.00 OK
r-oldrel-osx-x86_64 2.5-6 NOTE

Check Details

Version: 2.5-6
Check: dependencies in R code
Result: NOTE
    No protocol specified
    No protocol specified
Flavors: r-release-osx-x86_64, r-oldrel-osx-x86_64