CRAN Package Check Results for Package vegan

Last updated on 2021-09-19 05:52:04 CEST.

Flavor Version Tinstall Tcheck Ttotal Status Flags
r-devel-linux-x86_64-debian-clang 2.5-7 44.31 326.96 371.27 OK
r-devel-linux-x86_64-debian-gcc 2.5-7 33.75 236.37 270.12 OK
r-devel-linux-x86_64-fedora-clang 2.5-7 435.31 NOTE
r-devel-linux-x86_64-fedora-gcc 2.5-7 418.34 OK
r-devel-windows-x86_64 2.5-7 46.00 375.00 421.00 OK
r-devel-windows-x86_64-gcc10-UCRT 2.5-7 ERROR
r-patched-linux-x86_64 2.5-7 46.98 317.10 364.08 OK
r-patched-solaris-x86 2.5-7 545.30 OK
r-release-linux-x86_64 2.5-7 37.66 313.96 351.62 OK
r-release-macos-arm64 2.5-7 NOTE
r-release-macos-x86_64 2.5-7 OK
r-release-windows-ix86+x86_64 2.5-7 79.00 364.00 443.00 OK
r-oldrel-macos-x86_64 2.5-7 OK
r-oldrel-windows-ix86+x86_64 2.5-7 75.00 362.00 437.00 OK

Check Details

Version: 2.5-7
Check: Rd cross-references
Result: NOTE
    Undeclared packages ‘ade4’, ‘cclust’, ‘bipartite’, ‘labdsv’, ‘ellipse’, ‘vegan3d’, ‘coda’, ‘maptools’, ‘ape’, ‘picante’ in Rd xrefs
Flavor: r-devel-linux-x86_64-fedora-clang

Version: 2.5-7
Check: whether package can be installed
Result: ERROR
    Installation failed.
Flavor: r-devel-windows-x86_64-gcc10-UCRT

Version: 2.5-7
Check: installed package size
Result: NOTE
     installed size is 5.2Mb
     sub-directories of 1Mb or more:
     R 2.0Mb
     doc 1.3Mb
Flavor: r-release-macos-arm64