CRAN Package Check Results for Package vegawidget

Last updated on 2021-12-06 05:53:27 CET.

Flavor Version Tinstall Tcheck Ttotal Status Flags
r-devel-linux-x86_64-debian-clang 0.3.3 5.00 49.06 54.06 OK
r-devel-linux-x86_64-debian-gcc 0.3.3 3.37 38.12 41.49 OK
r-devel-linux-x86_64-fedora-clang 0.3.3 69.12 NOTE
r-devel-linux-x86_64-fedora-gcc 0.3.3 55.95 OK
r-devel-windows-x86_64-new-UL 0.3.3 16.00 89.00 105.00 OK
r-devel-windows-x86_64-new-TK 0.3.3 OK
r-devel-windows-x86_64-old 0.3.3 7.00 47.00 54.00 OK
r-patched-linux-x86_64 0.3.3 4.68 38.35 43.03 OK
r-release-linux-x86_64 0.3.3 4.51 45.56 50.07 OK
r-release-macos-arm64 0.3.3 OK
r-release-macos-x86_64 0.3.3 OK
r-release-windows-ix86+x86_64 0.3.3 9.00 68.00 77.00 OK
r-oldrel-macos-x86_64 0.3.3 OK
r-oldrel-windows-ix86+x86_64 0.3.3 9.00 60.00 69.00 OK

Check Details

Version: 0.3.3
Check: Rd cross-references
Result: NOTE
    Undeclared package ‘vctrs’ in Rd xrefs
Flavor: r-devel-linux-x86_64-fedora-clang