CRAN Package Check Results for Package vennLasso

Last updated on 2020-11-28 05:51:22 CET.

Flavor Version Tinstall Tcheck Ttotal Status Flags
r-devel-linux-x86_64-debian-clang 0.1.6 112.57 199.21 311.78 OK
r-devel-linux-x86_64-debian-gcc 0.1.6 133.13 144.95 278.08 OK
r-devel-linux-x86_64-fedora-clang 0.1.6 372.31 NOTE
r-devel-linux-x86_64-fedora-gcc 0.1.6 349.17 OK
r-devel-windows-ix86+x86_64 0.1.6 171.00 229.00 400.00 OK
r-patched-linux-x86_64 0.1.6 152.83 186.53 339.36 OK
r-patched-solaris-x86 0.1.6 457.00 OK
r-release-linux-x86_64 0.1.6 150.17 190.26 340.43 OK
r-release-macos-x86_64 0.1.6 NOTE
r-release-windows-ix86+x86_64 0.1.6 179.00 232.00 411.00 OK
r-oldrel-macos-x86_64 0.1.6 NOTE
r-oldrel-windows-ix86+x86_64 0.1.6 169.00 262.00 431.00 OK

Check Details

Version: 0.1.6
Check: installed package size
Result: NOTE
     installed size is 25.0Mb
     sub-directories of 1Mb or more:
     libs 24.4Mb
Flavors: r-devel-linux-x86_64-fedora-clang, r-release-macos-x86_64, r-oldrel-macos-x86_64