CRAN Package Check Results for Package vennplot

Last updated on 2019-08-22 05:47:14 CEST.

Flavor Version Tinstall Tcheck Ttotal Status Flags
r-devel-linux-x86_64-debian-clang 1.0 22.60 43.54 66.14 OK
r-devel-linux-x86_64-debian-gcc 1.0 17.72 34.63 52.35 OK
r-devel-linux-x86_64-fedora-clang 1.0 87.37 OK
r-devel-linux-x86_64-fedora-gcc 1.0 90.21 OK
r-devel-windows-ix86+x86_64 1.0 60.00 106.00 166.00 OK
r-patched-linux-x86_64 1.0 20.83 43.16 63.99 OK
r-patched-solaris-x86 1.0 109.30 OK
r-release-linux-x86_64 1.0 19.82 43.14 62.96 OK
r-release-windows-ix86+x86_64 1.0 64.00 86.00 150.00 OK
r-release-osx-x86_64 1.0 WARN
r-oldrel-windows-ix86+x86_64 1.0 49.00 112.00 161.00 OK
r-oldrel-osx-x86_64 1.0 OK

Check Details

Version: 1.0
Check: whether package can be installed
Result: WARN
    Found the following significant warnings:
     Warning: 'rgl_init' failed, running with rgl.useNULL = TRUE
Flavor: r-release-osx-x86_64