CRAN Package Check Results for Package vennplot

Last updated on 2019-12-14 05:47:49 CET.

Flavor Version Tinstall Tcheck Ttotal Status Flags
r-devel-linux-x86_64-debian-clang 1.0 24.70 47.28 71.98 OK
r-devel-linux-x86_64-debian-gcc 1.0 18.35 37.62 55.97 OK
r-devel-linux-x86_64-fedora-clang 1.0 98.24 OK
r-devel-linux-x86_64-fedora-gcc 1.0 88.36 OK
r-devel-windows-ix86+x86_64 1.0 48.00 121.00 169.00 OK
r-devel-windows-ix86+x86_64-gcc8 1.0 72.00 127.00 199.00 OK
r-patched-linux-x86_64 1.0 17.52 43.44 60.96 OK
r-patched-solaris-x86 1.0 118.60 OK
r-release-linux-x86_64 1.0 18.64 43.79 62.43 OK
r-release-windows-ix86+x86_64 1.0 39.00 89.00 128.00 OK
r-release-osx-x86_64 1.0 WARN
r-oldrel-windows-ix86+x86_64 1.0 40.00 90.00 130.00 OK
r-oldrel-osx-x86_64 1.0 OK

Check Details

Version: 1.0
Check: whether package can be installed
Result: WARN
    Found the following significant warnings:
     Warning: 'rgl_init' failed, running with rgl.useNULL = TRUE
Flavor: r-release-osx-x86_64