CRAN Package Check Results for Package viridisLite

Last updated on 2020-09-22 05:51:12 CEST.

Flavor Version Tinstall Tcheck Ttotal Status Flags
r-devel-linux-x86_64-debian-clang 0.3.0 1.53 22.27 23.80 OK
r-devel-linux-x86_64-debian-gcc 0.3.0 0.22 1.88 2.10 ERROR
r-devel-linux-x86_64-fedora-clang 0.3.0 44.29 OK
r-devel-linux-x86_64-fedora-gcc 0.3.0 30.44 OK
r-devel-windows-ix86+x86_64 0.3.0 6.00 35.00 41.00 OK
r-patched-linux-x86_64 0.3.0 1.74 22.43 24.17 OK
r-patched-solaris-x86 0.3.0 46.40 OK
r-release-linux-x86_64 0.3.0 1.80 22.22 24.02 OK
r-release-macos-x86_64 0.3.0 ERROR
r-release-windows-ix86+x86_64 0.3.0 5.00 30.00 35.00 OK
r-oldrel-macos-x86_64 0.3.0 OK
r-oldrel-windows-ix86+x86_64 0.3.0 3.00 34.00 37.00 OK

Check Details

Version: 0.3.0
Check: whether package can be installed
Result: ERROR
    Installation failed.
Flavor: r-devel-linux-x86_64-debian-gcc

Version: 0.3.0
Check: examples
Result: ERROR
    Running examples in ‘viridisLite-Ex.R’ failed
    The error most likely occurred in:
    
    > ### Name: viridis
    > ### Title: Matplotlib 'viridis' and 'cividis' color map
    > ### Aliases: viridis viridisMap magma inferno plasma cividis
    >
    > ### ** Examples
    >
    > library(ggplot2)
    Error: package or namespace load failed for ‘ggplot2’ in loadNamespace(j <- i[[1L]], c(lib.loc, .libPaths()), versionCheck = vI[[j]]):
     there is no package called ‘lifecycle’
    Execution halted
Flavor: r-release-macos-x86_64