CRAN Package Check Results for Package viridisLite

Last updated on 2019-12-15 05:47:59 CET.

Flavor Version Tinstall Tcheck Ttotal Status Flags
r-devel-linux-x86_64-debian-clang 0.3.0 1.25 21.60 22.85 OK
r-devel-linux-x86_64-debian-gcc 0.3.0 1.15 17.06 18.21 OK
r-devel-linux-x86_64-fedora-clang 0.3.0 29.97 OK
r-devel-linux-x86_64-fedora-gcc 0.3.0 28.18 OK
r-devel-windows-ix86+x86_64 0.3.0 7.00 46.00 53.00 OK
r-devel-windows-ix86+x86_64-gcc8 0.3.0 6.00 43.00 49.00 OK
r-patched-linux-x86_64 0.3.0 0.98 20.25 21.23 OK
r-patched-solaris-x86 0.3.0 40.90 OK
r-release-linux-x86_64 0.3.0 1.14 20.04 21.18 OK
r-release-windows-ix86+x86_64 0.3.0 8.00 34.00 42.00 OK
r-release-osx-x86_64 0.3.0 OK
r-oldrel-windows-ix86+x86_64 0.3.0 4.00 33.00 37.00 OK
r-oldrel-osx-x86_64 0.3.0 ERROR

Check Details

Version: 0.3.0
Check: examples
Result: ERROR
    Running examples in ‘viridisLite-Ex.R’ failed
    The error most likely occurred in:
    
    > ### Name: viridis
    > ### Title: Matplotlib 'viridis' and 'cividis' color map
    > ### Aliases: viridis viridisMap magma inferno plasma cividis
    >
    > ### ** Examples
    >
    > library(ggplot2)
    Warning: S3 methods ‘.DollarNames.C++Object’, ‘.DollarNames.Module’, ‘print.bytes’, ‘format.Rcpp_stack_trace’, ‘str.Rcpp_stack_trace’, ‘print.Rcpp_stack_trace’ were declared in NAMESPACE but not found
    Error: package or namespace load failed for ‘ggplot2’ in library.dynam(lib, package, package.lib):
     shared object ‘Rcpp.so’ not found
    Execution halted
Flavor: r-oldrel-osx-x86_64