CRAN Package Check Results for Package viridisLite

Last updated on 2020-12-05 05:48:29 CET.

Flavor Version Tinstall Tcheck Ttotal Status Flags
r-devel-linux-x86_64-debian-clang 0.3.0 1.91 24.68 26.59 OK
r-devel-linux-x86_64-debian-gcc 0.3.0 1.20 19.54 20.74 OK
r-devel-linux-x86_64-fedora-clang 0.3.0 37.89 OK
r-devel-linux-x86_64-fedora-gcc 0.3.0 28.54 OK
r-devel-windows-ix86+x86_64 0.3.0 6.00 37.00 43.00 OK
r-patched-linux-x86_64 0.3.0 1.81 23.86 25.67 OK
r-patched-solaris-x86 0.3.0 46.40 OK
r-release-linux-x86_64 0.3.0 1.64 25.91 27.55 OK
r-release-macos-x86_64 0.3.0 ERROR
r-release-windows-ix86+x86_64 0.3.0 6.00 34.00 40.00 OK
r-oldrel-macos-x86_64 0.3.0 OK
r-oldrel-windows-ix86+x86_64 0.3.0 4.00 32.00 36.00 OK

Check Details

Version: 0.3.0
Check: examples
Result: ERROR
    Running examples in ‘viridisLite-Ex.R’ failed
    The error most likely occurred in:
    
    > ### Name: viridis
    > ### Title: Matplotlib 'viridis' and 'cividis' color map
    > ### Aliases: viridis viridisMap magma inferno plasma cividis
    >
    > ### ** Examples
    >
    > library(ggplot2)
    Error: package or namespace load failed for ‘ggplot2’ in loadNamespace(j <- i[[1L]], c(lib.loc, .libPaths()), versionCheck = vI[[j]]):
     there is no package called ‘lifecycle’
    Execution halted
Flavor: r-release-macos-x86_64