Last updated on 2022-05-22 05:53:22 CEST.
Flavor | Version | Tinstall | Tcheck | Ttotal | Status | Flags |
---|---|---|---|---|---|---|
r-devel-linux-x86_64-debian-clang | 0.2.2 | 143.97 | 75.96 | 219.93 | OK | |
r-devel-linux-x86_64-debian-gcc | 0.2.2 | 107.85 | 56.44 | 164.29 | OK | |
r-devel-linux-x86_64-fedora-clang | 0.2.2 | 321.83 | OK | |||
r-devel-linux-x86_64-fedora-gcc | 0.2.2 | 278.97 | OK | |||
r-devel-windows-x86_64 | 0.2.2 | 133.00 | 117.00 | 250.00 | OK | |
r-patched-linux-x86_64 | 0.2.2 | 118.59 | 73.30 | 191.89 | OK | |
r-release-linux-x86_64 | 0.2.2 | 102.57 | 72.72 | 175.29 | OK | |
r-release-macos-arm64 | 0.2.2 | 67.00 | NOTE | |||
r-release-macos-x86_64 | 0.2.2 | 111.00 | NOTE | |||
r-release-windows-x86_64 | 0.2.2 | 133.00 | 123.00 | 256.00 | OK | |
r-oldrel-macos-arm64 | 0.2.2 | 70.00 | NOTE | |||
r-oldrel-macos-x86_64 | 0.2.2 | 115.00 | OK | |||
r-oldrel-windows-ix86+x86_64 | 0.2.2 | 356.00 | 131.00 | 487.00 | OK |
Version: 0.2.2
Check: installed package size
Result: NOTE
installed size is 5.0Mb
sub-directories of 1Mb or more:
libs 4.5Mb
Flavors: r-release-macos-arm64, r-release-macos-x86_64, r-oldrel-macos-arm64