CRAN Package Check Results for Package voiceR

Last updated on 2024-06-13 06:58:23 CEST.

Flavor Version Tinstall Tcheck Ttotal Status Flags
r-devel-linux-x86_64-debian-clang 0.1.0 36.75 230.36 267.11 OK
r-devel-linux-x86_64-debian-gcc 0.1.0 0.61 1.63 2.24 ERROR
r-devel-linux-x86_64-fedora-clang 0.1.0 341.00 NOTE
r-devel-linux-x86_64-fedora-gcc 0.1.0 312.71 OK
r-devel-windows-x86_64 0.1.0 33.00 174.00 207.00 OK
r-patched-linux-x86_64 0.1.0 34.87 223.35 258.22 OK
r-release-linux-x86_64 0.1.0 32.28 223.30 255.58 OK
r-release-macos-arm64 0.1.0 93.00 OK
r-release-macos-x86_64 0.1.0 131.00 OK
r-release-windows-x86_64 0.1.0 35.00 190.00 225.00 OK
r-oldrel-macos-arm64 0.1.0 107.00 OK
r-oldrel-macos-x86_64 0.1.0 173.00 OK
r-oldrel-windows-x86_64 0.1.0 44.00 214.00 258.00 OK

Check Details

Version: 0.1.0
Check: package dependencies
Result: ERROR Packages required but not available: 'FSA', 'ggplot2', 'ggpubr', 'ggthemes', 'kableExtra', 'phia', 'plotly', 'rcompanion', 'shinyFiles', 'stringr' Package suggested but not available for checking: ‘testthat’ See section ‘The DESCRIPTION file’ in the ‘Writing R Extensions’ manual. Flavor: r-devel-linux-x86_64-debian-gcc

Version: 0.1.0
Check: package dependencies
Result: NOTE Imports includes 25 non-default packages. Importing from so many packages makes the package vulnerable to any of them becoming unavailable. Move as many as possible to Suggests and use conditionally. Flavor: r-devel-linux-x86_64-fedora-clang