CRAN Package Check Results for Package volesti

Last updated on 2020-01-20 05:47:30 CET.

Flavor Version Tinstall Tcheck Ttotal Status Flags
r-devel-linux-x86_64-debian-clang 1.0.3 290.40 82.12 372.52 OK
r-devel-linux-x86_64-debian-gcc 1.0.3 235.92 68.26 304.18 OK
r-devel-linux-x86_64-fedora-clang 1.0.3 535.97 NOTE
r-devel-linux-x86_64-fedora-gcc 1.0.3 542.22 OK
r-devel-windows-ix86+x86_64 1.0.3 770.00 193.00 963.00 OK
r-devel-windows-ix86+x86_64-gcc8 1.0.3 576.00 233.00 809.00 OK
r-patched-linux-x86_64 1.0.3 259.85 84.16 344.01 OK
r-patched-solaris-x86 1.0.3 462.00 OK
r-release-linux-x86_64 1.0.3 244.35 84.11 328.46 OK
r-release-windows-ix86+x86_64 1.0.3 767.00 228.00 995.00 OK
r-release-osx-x86_64 1.0.3 NOTE
r-oldrel-windows-ix86+x86_64 1.0.3 541.00 205.00 746.00 OK
r-oldrel-osx-x86_64 1.0.3 NOTE

Check Details

Version: 1.0.3
Check: installed package size
Result: NOTE
     installed size is 43.8Mb
     sub-directories of 1Mb or more:
     libs 43.4Mb
Flavors: r-devel-linux-x86_64-fedora-clang, r-release-osx-x86_64, r-oldrel-osx-x86_64