CRAN Package Check Results for Package votesys

Last updated on 2024-06-24 06:49:25 CEST.

Flavor Version Tinstall Tcheck Ttotal Status Flags
r-devel-linux-x86_64-debian-clang 0.1.1 10.37 80.90 91.27 NOTE
r-devel-linux-x86_64-debian-gcc 0.1.1 7.46 58.96 66.42 NOTE
r-devel-linux-x86_64-fedora-clang 0.1.1 114.21 NOTE
r-devel-linux-x86_64-fedora-gcc 0.1.1 106.02 NOTE
r-devel-windows-x86_64 0.1.1 9.00 75.00 84.00 NOTE
r-patched-linux-x86_64 0.1.1 8.00 76.18 84.18 NOTE
r-release-linux-x86_64 0.1.1 8.65 75.25 83.90 NOTE
r-release-macos-arm64 0.1.1 30.00 NOTE
r-release-macos-x86_64 0.1.1 57.00 NOTE
r-release-windows-x86_64 0.1.1 8.00 76.00 84.00 NOTE
r-oldrel-macos-arm64 0.1.1 36.00 NOTE
r-oldrel-macos-x86_64 0.1.1 55.00 NOTE
r-oldrel-windows-x86_64 0.1.1 8.00 92.00 100.00 NOTE

Check Details

Version: 0.1.1
Check: LazyData
Result: NOTE 'LazyData' is specified without a 'data' directory Flavors: r-devel-linux-x86_64-debian-clang, r-devel-linux-x86_64-debian-gcc, r-devel-linux-x86_64-fedora-clang, r-devel-linux-x86_64-fedora-gcc, r-devel-windows-x86_64, r-patched-linux-x86_64, r-release-linux-x86_64, r-release-macos-arm64, r-release-macos-x86_64, r-release-windows-x86_64, r-oldrel-macos-arm64, r-oldrel-macos-x86_64, r-oldrel-windows-x86_64