CRAN Package Check Results for Package vows

Last updated on 2021-11-27 05:49:54 CET.

Flavor Version Tinstall Tcheck Ttotal Status Flags
r-devel-linux-x86_64-debian-clang 0.5 OK
r-devel-linux-x86_64-debian-gcc 0.5 9.35 77.66 87.01 OK
r-devel-linux-x86_64-fedora-clang 0.5 143.94 NOTE
r-devel-linux-x86_64-fedora-gcc 0.5 132.97 OK
r-devel-windows-x86_64-new-UL 0.5 23.00 140.00 163.00 OK
r-devel-windows-x86_64-new-TK 0.5 OK
r-devel-windows-x86_64-old 0.5 17.00 139.00 156.00 OK
r-patched-linux-x86_64 0.5 16.55 96.49 113.04 OK
r-patched-solaris-x86 0.5 202.30 OK
r-release-linux-x86_64 0.5 OK
r-release-macos-arm64 0.5 OK
r-release-macos-x86_64 0.5 OK
r-release-windows-ix86+x86_64 0.5 26.00 90.00 116.00 OK
r-oldrel-macos-x86_64 0.5 OK
r-oldrel-windows-ix86+x86_64 0.5 28.00 132.00 160.00 OK

Check Details

Version: 0.5
Check: Rd cross-references
Result: NOTE
    Undeclared package ‘lme4’ in Rd xrefs
Flavor: r-devel-linux-x86_64-fedora-clang