CRAN Package Check Results for Package vpc

Last updated on 2024-02-25 06:08:45 CET.

Flavor Version Tinstall Tcheck Ttotal Status Flags
r-devel-linux-x86_64-debian-clang 1.2.2 10.06 149.48 159.54 NOTE
r-devel-linux-x86_64-debian-gcc 1.2.2 7.29 109.43 116.72 NOTE
r-devel-linux-x86_64-fedora-clang 1.2.2 190.08 OK
r-devel-linux-x86_64-fedora-gcc 1.2.2 186.34 OK
r-devel-windows-x86_64 1.2.2 11.00 122.00 133.00 OK
r-patched-linux-x86_64 1.2.2 11.23 143.53 154.76 OK
r-release-linux-x86_64 1.2.2 9.08 143.90 152.98 OK
r-release-macos-arm64 1.2.2 58.00 OK
r-release-macos-x86_64 1.2.2 96.00 OK
r-release-windows-x86_64 1.2.2 13.00 149.00 162.00 OK
r-oldrel-macos-arm64 1.2.2 52.00 OK
r-oldrel-windows-x86_64 1.2.2 13.00 151.00 164.00 OK

Check Details

Version: 1.2.2
Check: Rd files
Result: NOTE checkRd: (-1) new_vpc_theme.Rd:21: Lost braces; missing escapes or markup? 21 | \item{obs_color}: {color for observations points} | ^ checkRd: (-1) new_vpc_theme.Rd:22: Lost braces; missing escapes or markup? 22 | \item{obs_size}: {size for observation points} | ^ checkRd: (-1) new_vpc_theme.Rd:23: Lost braces; missing escapes or markup? 23 | \item{obs_median_color}: {color for median observation line} | ^ checkRd: (-1) new_vpc_theme.Rd:24: Lost braces; missing escapes or markup? 24 | \item{obs_median_linetype}: {linetype for median observation line} | ^ checkRd: (-1) new_vpc_theme.Rd:25: Lost braces; missing escapes or markup? 25 | \item{obs_median_size}: {size for median observation line} | ^ checkRd: (-1) new_vpc_theme.Rd:26: Lost braces; missing escapes or markup? 26 | \item{obs_ci_fill}: {color for observation CI fill} | ^ checkRd: (-1) new_vpc_theme.Rd:27: Lost braces; missing escapes or markup? 27 | \item{obs_ci_color}: {color for observation CI lines} | ^ checkRd: (-1) new_vpc_theme.Rd:28: Lost braces; missing escapes or markup? 28 | \item{obs_ci_linetype}: {linetype for observation CI lines} | ^ checkRd: (-1) new_vpc_theme.Rd:29: Lost braces; missing escapes or markup? 29 | \item{obs_ci_size}: {size for observations CI lines} | ^ checkRd: (-1) new_vpc_theme.Rd:30: Lost braces; missing escapes or markup? 30 | \item{sim_pi_fill}: {fill color for simulated prediction interval areas} | ^ checkRd: (-1) new_vpc_theme.Rd:31: Lost braces; missing escapes or markup? 31 | \item{sim_pi_alpha}: {transparency for simulated prediction interval areas} | ^ checkRd: (-1) new_vpc_theme.Rd:32: Lost braces; missing escapes or markup? 32 | \item{sim_pi_color}: {color for simulated prediction interval lines} | ^ checkRd: (-1) new_vpc_theme.Rd:33: Lost braces; missing escapes or markup? 33 | \item{sim_pi_linetype}: {linetype for simulated prediction interval lines} | ^ checkRd: (-1) new_vpc_theme.Rd:34: Lost braces; missing escapes or markup? 34 | \item{sim_pi_size}: {size for simulated prediction interval lines} | ^ checkRd: (-1) new_vpc_theme.Rd:35: Lost braces; missing escapes or markup? 35 | \item{sim_median_fill}: {fill color for simulated median area} | ^ checkRd: (-1) new_vpc_theme.Rd:36: Lost braces; missing escapes or markup? 36 | \item{sim_median_alpha}: {transparency for simulated median area} | ^ checkRd: (-1) new_vpc_theme.Rd:37: Lost braces; missing escapes or markup? 37 | \item{sim_median_color}: {color for simulated median line} | ^ checkRd: (-1) new_vpc_theme.Rd:38: Lost braces; missing escapes or markup? 38 | \item{sim_median_linetype}: {linetype for simulated median line} | ^ checkRd: (-1) new_vpc_theme.Rd:39: Lost braces; missing escapes or markup? 39 | \item{sim_median_size}: {size for simulated median line} | ^ checkRd: (-1) new_vpc_theme.Rd:40: Lost braces; missing escapes or markup? 40 | \item{bin_separators_color}: {color for bin separator lines, NA for don't plot} | ^ checkRd: (-1) new_vpc_theme.Rd:41: Lost braces; missing escapes or markup? 41 | \item{bin_separators_location}: {where to plot bin separators ("t" for top, "b" for bottom)} | ^ checkRd: (-1) new_vpc_theme.Rd:42: Lost braces; missing escapes or markup? 42 | \item{loq_color}: {color of line showing limit of quantification} | ^ Flavors: r-devel-linux-x86_64-debian-clang, r-devel-linux-x86_64-debian-gcc