CRAN Package Check Results for Package waccR

Last updated on 2019-05-22 05:48:41 CEST.

Flavor Version Tinstall Tcheck Ttotal Status Flags
r-devel-linux-x86_64-debian-clang 0.1.0 2.92 32.78 35.70 OK
r-devel-linux-x86_64-debian-gcc 0.1.0 2.60 26.19 28.79 OK
r-devel-linux-x86_64-fedora-clang 0.1.0 45.44 NOTE
r-devel-linux-x86_64-fedora-gcc 0.1.0 42.13 NOTE
r-devel-windows-ix86+x86_64 0.1.0 9.00 68.00 77.00 OK
r-patched-linux-x86_64 0.1.0 3.56 32.11 35.67 OK
r-patched-solaris-x86 0.1.0 70.30 NOTE
r-release-linux-x86_64 0.1.0 3.33 32.70 36.03 OK
r-release-windows-ix86+x86_64 0.1.0 17.00 53.00 70.00 OK
r-release-osx-x86_64 0.1.0 NOTE
r-oldrel-windows-ix86+x86_64 0.1.0 6.00 49.00 55.00 OK
r-oldrel-osx-x86_64 0.1.0 NOTE

Check Details

Version: 0.1.0
Check: dependencies in R code
Result: NOTE
    Namespaces in Imports field not imported from:
     ‘lubridate’ ‘tibble’
     All declared Imports should be used.
Flavors: r-devel-linux-x86_64-fedora-clang, r-devel-linux-x86_64-fedora-gcc, r-patched-solaris-x86, r-release-osx-x86_64, r-oldrel-osx-x86_64