CRAN Package Check Results for Package waccR

Last updated on 2019-08-25 05:47:02 CEST.

Flavor Version Tinstall Tcheck Ttotal Status Flags
r-devel-linux-x86_64-debian-clang 0.1.0 3.32 32.95 36.27 OK
r-devel-linux-x86_64-debian-gcc 0.1.0 3.15 26.30 29.45 OK
r-devel-linux-x86_64-fedora-clang 0.1.0 43.87 NOTE
r-devel-linux-x86_64-fedora-gcc 0.1.0 49.12 NOTE
r-devel-windows-ix86+x86_64 0.1.0 11.00 52.00 63.00 OK
r-patched-linux-x86_64 0.1.0 2.97 32.94 35.91 OK
r-patched-solaris-x86 0.1.0 71.40 NOTE
r-release-linux-x86_64 0.1.0 3.39 32.02 35.41 OK
r-release-windows-ix86+x86_64 0.1.0 14.00 155.00 169.00 OK
r-release-osx-x86_64 0.1.0 NOTE
r-oldrel-windows-ix86+x86_64 0.1.0 8.00 74.00 82.00 OK
r-oldrel-osx-x86_64 0.1.0 NOTE

Check Details

Version: 0.1.0
Check: dependencies in R code
Result: NOTE
    Namespaces in Imports field not imported from:
     ‘lubridate’ ‘tibble’
     All declared Imports should be used.
Flavors: r-devel-linux-x86_64-fedora-clang, r-devel-linux-x86_64-fedora-gcc, r-patched-solaris-x86, r-release-osx-x86_64, r-oldrel-osx-x86_64