CRAN Package Check Results for Package waiter

Last updated on 2021-12-06 05:53:28 CET.

Flavor Version Tinstall Tcheck Ttotal Status Flags
r-devel-linux-x86_64-debian-clang 0.2.4 8.07 49.76 57.83 OK
r-devel-linux-x86_64-debian-gcc 0.2.4 7.54 39.39 46.93 OK
r-devel-linux-x86_64-fedora-clang 0.2.4 80.06 NOTE
r-devel-linux-x86_64-fedora-gcc 0.2.4 62.27 NOTE
r-devel-windows-x86_64-new-UL 0.2.4 20.00 94.00 114.00 OK
r-devel-windows-x86_64-new-TK 0.2.4 NOTE
r-devel-windows-x86_64-old 0.2.4 13.00 50.00 63.00 OK
r-patched-linux-x86_64 0.2.4 9.32 39.91 49.23 OK
r-release-linux-x86_64 0.2.4 9.04 47.59 56.63 OK
r-release-macos-arm64 0.2.4 NOTE
r-release-macos-x86_64 0.2.4 NOTE
r-release-windows-ix86+x86_64 0.2.4 17.00 64.00 81.00 OK
r-oldrel-macos-x86_64 0.2.4 NOTE
r-oldrel-windows-ix86+x86_64 0.2.4 17.00 63.00 80.00 OK

Check Details

Version: 0.2.4
Check: dependencies in R code
Result: NOTE
    Namespace in Imports field not imported from: ‘R6’
     All declared Imports should be used.
Flavors: r-devel-linux-x86_64-fedora-clang, r-devel-linux-x86_64-fedora-gcc, r-devel-windows-x86_64-new-TK, r-release-macos-arm64, r-release-macos-x86_64, r-oldrel-macos-x86_64