CRAN Package Check Results for Package warabandi

Last updated on 2024-06-18 05:57:51 CEST.

Flavor Version Tinstall Tcheck Ttotal Status Flags
r-devel-linux-x86_64-debian-clang 0.1.0 1.77 32.78 34.55 OK
r-devel-linux-x86_64-debian-gcc 0.1.0 2.00 24.77 26.77 OK
r-devel-linux-x86_64-fedora-clang 0.1.0 45.62 NOTE
r-devel-linux-x86_64-fedora-gcc 0.1.0 55.99 NOTE
r-devel-windows-x86_64 0.1.0 4.00 47.00 51.00 OK
r-patched-linux-x86_64 0.1.0 1.55 31.38 32.93 OK
r-release-linux-x86_64 0.1.0 1.60 30.74 32.34 OK
r-release-macos-arm64 0.1.0 22.00 OK
r-release-macos-x86_64 0.1.0 34.00 OK
r-release-windows-x86_64 0.1.0 3.00 47.00 50.00 OK
r-oldrel-macos-arm64 0.1.0 25.00 OK
r-oldrel-macos-x86_64 0.1.0 37.00 OK
r-oldrel-windows-x86_64 0.1.0 4.00 48.00 52.00 OK

Check Details

Version: 0.1.0
Check: dependencies in R code
Result: NOTE Namespace in Imports field not imported from: ‘flextable’ All declared Imports should be used. Flavors: r-devel-linux-x86_64-fedora-clang, r-devel-linux-x86_64-fedora-gcc