CRAN Package Check Results for Package wavScalogram

Last updated on 2019-07-16 05:48:37 CEST.

Flavor Version Tinstall Tcheck Ttotal Status Flags
r-devel-linux-x86_64-debian-clang 1.0.0 5.39 44.11 49.50 OK
r-devel-linux-x86_64-debian-gcc 1.0.0 4.34 34.52 38.86 OK
r-devel-linux-x86_64-fedora-clang 1.0.0 58.83 NOTE
r-devel-linux-x86_64-fedora-gcc 1.0.0 57.04 NOTE
r-devel-windows-ix86+x86_64 1.0.0 16.00 53.00 69.00 OK
r-patched-linux-x86_64 1.0.0 4.89 43.83 48.72 OK
r-patched-solaris-x86 1.0.0 88.00 NOTE
r-release-linux-x86_64 1.0.0 5.39 44.79 50.18 OK
r-release-windows-ix86+x86_64 1.0.0 10.00 78.00 88.00 OK
r-release-osx-x86_64 1.0.0 NOTE
r-oldrel-windows-ix86+x86_64 1.0.0 8.00 58.00 66.00 OK
r-oldrel-osx-x86_64 1.0.0 NOTE

Check Details

Version: 1.0.0
Check: dependencies in R code
Result: NOTE
    Namespaces in Imports field not imported from:
     ‘Matrix’ ‘zoo’
     All declared Imports should be used.
Flavors: r-devel-linux-x86_64-fedora-clang, r-devel-linux-x86_64-fedora-gcc, r-patched-solaris-x86, r-release-osx-x86_64, r-oldrel-osx-x86_64