CRAN Package Check Results for Package wavScalogram

Last updated on 2019-11-17 05:47:27 CET.

Flavor Version Tinstall Tcheck Ttotal Status Flags
r-devel-linux-x86_64-debian-clang 1.0.0 5.40 45.87 51.27 OK
r-devel-linux-x86_64-debian-gcc 1.0.0 4.31 34.84 39.15 OK
r-devel-linux-x86_64-fedora-clang 1.0.0 60.23 NOTE
r-devel-linux-x86_64-fedora-gcc 1.0.0 64.75 NOTE
r-devel-windows-ix86+x86_64 1.0.0 19.00 83.00 102.00 OK
r-patched-linux-x86_64 1.0.0 4.60 43.09 47.69 OK
r-patched-solaris-x86 1.0.0 83.90 NOTE
r-release-linux-x86_64 1.0.0 5.33 43.96 49.29 OK
r-release-windows-ix86+x86_64 1.0.0 11.00 85.00 96.00 OK
r-release-osx-x86_64 1.0.0 NOTE
r-oldrel-windows-ix86+x86_64 1.0.0 8.00 70.00 78.00 OK
r-oldrel-osx-x86_64 1.0.0 NOTE

Check Details

Version: 1.0.0
Check: dependencies in R code
Result: NOTE
    Namespaces in Imports field not imported from:
     ‘Matrix’ ‘zoo’
     All declared Imports should be used.
Flavors: r-devel-linux-x86_64-fedora-clang, r-devel-linux-x86_64-fedora-gcc, r-patched-solaris-x86, r-release-osx-x86_64, r-oldrel-osx-x86_64