CRAN Package Check Results for Package webglobe

Last updated on 2022-05-28 05:53:22 CEST.

Flavor Version Tinstall Tcheck Ttotal Status Flags
r-devel-linux-x86_64-debian-clang 1.0.3 9.78 97.52 107.30 OK
r-devel-linux-x86_64-debian-gcc 1.0.3 7.88 73.80 81.68 OK
r-devel-linux-x86_64-fedora-clang 1.0.3 124.23 NOTE
r-devel-linux-x86_64-fedora-gcc 1.0.3 111.61 OK
r-devel-windows-x86_64 1.0.3 366.00 159.00 525.00 NOTE
r-patched-linux-x86_64 1.0.3 7.19 93.23 100.42 OK
r-release-linux-x86_64 1.0.3 6.43 91.22 97.65 OK
r-release-macos-arm64 1.0.3 33.00 NOTE
r-release-macos-x86_64 1.0.3 67.00 NOTE
r-release-windows-x86_64 1.0.3 352.00 177.00 529.00 NOTE
r-oldrel-macos-arm64 1.0.3 43.00 NOTE
r-oldrel-macos-x86_64 1.0.3 62.00 NOTE
r-oldrel-windows-ix86+x86_64 1.0.3 47.00 149.00 196.00 NOTE

Check Details

Version: 1.0.3
Check: installed package size
Result: NOTE
     installed size is 10.8Mb
     sub-directories of 1Mb or more:
     client 9.6Mb
     doc 1.0Mb
Flavors: r-devel-linux-x86_64-fedora-clang, r-devel-windows-x86_64, r-release-macos-arm64, r-release-macos-x86_64, r-release-windows-x86_64, r-oldrel-macos-arm64, r-oldrel-macos-x86_64, r-oldrel-windows-ix86+x86_64