CRAN Package Check Results for Package welchADF

Last updated on 2024-06-13 06:58:23 CEST.

Flavor Version Tinstall Tcheck Ttotal Status Flags
r-devel-linux-x86_64-debian-clang 0.3.2 8.35 168.99 177.34 OK
r-devel-linux-x86_64-debian-gcc 0.3.2 0.29 1.66 1.95 ERROR
r-devel-linux-x86_64-fedora-clang 0.3.2 219.04 OK
r-devel-linux-x86_64-fedora-gcc 0.3.2 222.17 OK
r-devel-windows-x86_64 0.3.2 9.00 130.00 139.00 OK
r-patched-linux-x86_64 0.3.2 8.19 159.29 167.48 OK
r-release-linux-x86_64 0.3.2 8.78 156.67 165.45 OK
r-release-macos-arm64 0.3.2 60.00 OK
r-release-macos-x86_64 0.3.2 98.00 OK
r-release-windows-x86_64 0.3.2 10.00 132.00 142.00 OK
r-oldrel-macos-arm64 0.3.2 73.00 OK
r-oldrel-macos-x86_64 0.3.2 110.00 OK
r-oldrel-windows-x86_64 0.3.2 13.00 161.00 174.00 OK

Check Details

Version: 0.3.2
Check: package dependencies
Result: ERROR Package required but not available: ‘lme4’ Package suggested but not available for checking: ‘testthat’ See section ‘The DESCRIPTION file’ in the ‘Writing R Extensions’ manual. Flavor: r-devel-linux-x86_64-debian-gcc