CRAN Package Check Results for Package wiad

Last updated on 2022-01-21 05:52:27 CET.

Flavor Version Tinstall Tcheck Ttotal Status Flags
r-devel-linux-x86_64-debian-clang 0.0.1.0 NOTE
r-devel-linux-x86_64-debian-gcc 0.0.1.0 4.68 47.94 52.62 NOTE
r-devel-linux-x86_64-fedora-clang 0.0.1.0 90.26 NOTE
r-devel-linux-x86_64-fedora-gcc 0.0.1.0 70.36 NOTE
r-devel-windows-x86_64-new-UL 0.0.1.0 33.00 81.00 114.00 NOTE
r-devel-windows-x86_64-new-TK 0.0.1.0 NOTE
r-patched-linux-x86_64 0.0.1.0 5.70 60.58 66.28 NOTE
r-release-linux-x86_64 0.0.1.0 5.13 59.11 64.24 NOTE
r-release-macos-arm64 0.0.1.0 NOTE
r-release-macos-x86_64 0.0.1.0 NOTE
r-release-windows-ix86+x86_64 0.0.1.0 15.00 74.00 89.00 NOTE
r-oldrel-macos-x86_64 0.0.1.0 OK
r-oldrel-windows-ix86+x86_64 0.0.1.0 15.00 74.00 89.00 OK

Check Details

Version: 0.0.1.0
Check: LazyData
Result: NOTE
     'LazyData' is specified without a 'data' directory
Flavors: r-devel-linux-x86_64-debian-clang, r-devel-linux-x86_64-debian-gcc, r-devel-linux-x86_64-fedora-clang, r-devel-linux-x86_64-fedora-gcc, r-devel-windows-x86_64-new-UL, r-devel-windows-x86_64-new-TK, r-patched-linux-x86_64, r-release-linux-x86_64, r-release-macos-arm64, r-release-macos-x86_64, r-release-windows-ix86+x86_64