CRAN Package Check Results for Package wikisourcer

Last updated on 2019-05-19 05:48:14 CEST.

Flavor Version Tinstall Tcheck Ttotal Status Flags
r-devel-linux-x86_64-debian-clang 0.1.4 3.11 93.29 96.40 OK
r-devel-linux-x86_64-debian-gcc 0.1.4 2.45 69.49 71.94 OK
r-devel-linux-x86_64-fedora-clang 0.1.4 85.51 OK
r-devel-linux-x86_64-fedora-gcc 0.1.4 82.66 OK
r-devel-windows-ix86+x86_64 0.1.4 12.00 99.00 111.00 WARN
r-patched-linux-x86_64 0.1.4 2.71 91.33 94.04 OK
r-patched-solaris-x86 0.1.4 114.00 OK
r-release-linux-x86_64 0.1.4 3.39 91.72 95.11 OK
r-release-windows-ix86+x86_64 0.1.4 12.00 189.00 201.00 OK
r-release-osx-x86_64 0.1.4 OK
r-oldrel-windows-ix86+x86_64 0.1.4 6.00 76.00 82.00 WARN
r-oldrel-osx-x86_64 0.1.4 OK

Check Details

Version: 0.1.4
Check: re-building of vignette outputs
Result: WARN
    Error(s) in re-building vignettes:
    --- re-building 'wikisourcer.Rmd' using rmarkdown
    
    Attaching package: 'dplyr'
    
    The following objects are masked from 'package:stats':
    
     filter, lag
    
    The following objects are masked from 'package:base':
    
     intersect, setdiff, setequal, union
    
    Quitting from lines 46-53 (wikisourcer.Rmd)
    Error: processing vignette 'wikisourcer.Rmd' failed with diagnostics:
    Syntax error in regexp pattern. (U_REGEX_RULE_SYNTAX)
    --- failed re-building 'wikisourcer.Rmd'
    
    SUMMARY: processing the following file failed:
     'wikisourcer.Rmd'
    
    Error: Vignette re-building failed.
    Execution halted
Flavor: r-devel-windows-ix86+x86_64

Version: 0.1.4
Check: re-building of vignette outputs
Result: WARN
    Error in re-building vignettes:
     ...
    Quitting from lines 24-27 (wikisourcer.Rmd)
    Error: processing vignette 'wikisourcer.Rmd' failed with diagnostics:
    Timeout was reached: Operation timed out after 10015 milliseconds with 0 out of 0 bytes received
    Execution halted
Flavor: r-oldrel-windows-ix86+x86_64