CRAN Package Check Results for Package wikisourcer

Last updated on 2019-03-20 05:49:26 CET.

Flavor Version Tinstall Tcheck Ttotal Status Flags
r-devel-linux-x86_64-debian-clang 0.1.3 2.84 89.64 92.48 OK
r-devel-linux-x86_64-debian-gcc 0.1.3 2.41 69.28 71.69 OK
r-devel-linux-x86_64-fedora-clang 0.1.3 83.44 OK
r-devel-linux-x86_64-fedora-gcc 0.1.3 80.81 OK
r-devel-windows-ix86+x86_64 0.1.3 3.00 7.00 10.00 OK
r-patched-linux-x86_64 0.1.3 1.53 87.14 88.67 OK
r-patched-solaris-x86 0.1.3 101.40 OK
r-release-linux-x86_64 0.1.3 1.81 86.82 88.63 OK
r-release-windows-ix86+x86_64 0.1.3 4.00 142.00 146.00 OK
r-release-osx-x86_64 0.1.3 OK
r-oldrel-windows-ix86+x86_64 0.1.3 2.00 5.00 7.00 ERROR
r-oldrel-osx-x86_64 0.1.2 OK

Check Details

Version: 0.1.3
Check: whether package can be installed
Result: ERROR
    Installation failed.
Flavor: r-oldrel-windows-ix86+x86_64