CRAN Package Check Results for Package wingui

Last updated on 2021-12-03 05:52:18 CET.

Flavor Version Tinstall Tcheck Ttotal Status Flags
r-devel-linux-x86_64-debian-clang 0.2 2.92 27.99 30.91 OK
r-devel-linux-x86_64-debian-gcc 0.2 2.37 21.96 24.33 OK
r-devel-linux-x86_64-fedora-clang 0.2 51.53 NOTE
r-devel-linux-x86_64-fedora-gcc 0.2 38.31 NOTE
r-devel-windows-x86_64-new-UL 0.2 36.00 90.00 126.00 NOTE
r-devel-windows-x86_64-new-TK 0.2 NOTE
r-devel-windows-x86_64-old 0.2 33.00 49.00 82.00 NOTE
r-patched-linux-x86_64 0.2 2.98 26.69 29.67 OK
r-patched-solaris-x86 0.2 59.50 OK
r-release-linux-x86_64 0.2 3.04 26.52 29.56 OK
r-release-macos-arm64 0.2 OK
r-release-macos-x86_64 0.2 OK
r-release-windows-ix86+x86_64 0.2 60.00 78.00 138.00 NOTE
r-oldrel-macos-x86_64 0.2 OK
r-oldrel-windows-ix86+x86_64 0.2 61.00 80.00 141.00 NOTE

Check Details

Version: 0.2
Check: compiled code
Result: NOTE
    File ‘wingui/libs/wingui.so’:
     Found no calls to: ‘R_registerRoutines’, ‘R_useDynamicSymbols’
    
    It is good practice to register native routines and to disable symbol
    search.
    
    See ‘Writing portable packages’ in the ‘Writing R Extensions’ manual.
Flavors: r-devel-linux-x86_64-fedora-clang, r-devel-linux-x86_64-fedora-gcc

Version: 0.2
Check: R code for possible problems
Result: NOTE
    .__A__.1 : <anonymous>: no visible binding for global variable '.hwnd'
    Undefined global functions or variables:
     .hwnd
Flavors: r-devel-windows-x86_64-new-UL, r-devel-windows-x86_64-new-TK, r-devel-windows-x86_64-old, r-release-windows-ix86+x86_64, r-oldrel-windows-ix86+x86_64