CRAN Package Check Results for Package wmwpow

Last updated on 2024-07-19 06:50:31 CEST.

Flavor Version Tinstall Tcheck Ttotal Status Flags
r-devel-linux-x86_64-debian-clang 0.1.3 2.97 37.48 40.45 NOTE
r-devel-linux-x86_64-debian-gcc 0.1.3 2.51 27.87 30.38 NOTE
r-devel-linux-x86_64-fedora-clang 0.1.3 50.32 NOTE
r-devel-linux-x86_64-fedora-gcc 0.1.3 47.07 NOTE
r-devel-windows-x86_64 0.1.3 3.00 48.00 51.00 NOTE
r-patched-linux-x86_64 0.1.3 2.38 35.34 37.72 NOTE
r-release-linux-x86_64 0.1.3 2.65 34.48 37.13 NOTE
r-release-macos-arm64 0.1.3 18.00 NOTE
r-release-macos-x86_64 0.1.3 27.00 NOTE
r-release-windows-x86_64 0.1.3 3.00 47.00 50.00 NOTE
r-oldrel-macos-arm64 0.1.3 17.00 NOTE
r-oldrel-macos-x86_64 0.1.3 30.00 NOTE
r-oldrel-windows-x86_64 0.1.3 3.00 47.00 50.00 NOTE

Check Details

Version: 0.1.3
Check: LazyData
Result: NOTE 'LazyData' is specified without a 'data' directory Flavors: r-devel-linux-x86_64-debian-clang, r-devel-linux-x86_64-debian-gcc, r-devel-linux-x86_64-fedora-clang, r-devel-linux-x86_64-fedora-gcc, r-devel-windows-x86_64, r-patched-linux-x86_64, r-release-linux-x86_64, r-release-macos-arm64, r-release-macos-x86_64, r-release-windows-x86_64, r-oldrel-macos-arm64, r-oldrel-macos-x86_64, r-oldrel-windows-x86_64

Version: 0.1.3
Check: dependencies in R code
Result: NOTE Namespace in Imports field not imported from: ‘MASS’ All declared Imports should be used. Flavors: r-devel-linux-x86_64-fedora-clang, r-devel-linux-x86_64-fedora-gcc