Last updated on 2022-08-12 05:53:02 CEST.
Flavor | Version | Tinstall | Tcheck | Ttotal | Status | Flags |
---|---|---|---|---|---|---|
r-devel-linux-x86_64-debian-clang | 0.3.4 | 120.01 | 37.54 | 157.55 | OK | |
r-devel-linux-x86_64-debian-gcc | 0.3.4 | 93.56 | 28.74 | 122.30 | OK | |
r-devel-linux-x86_64-fedora-clang | 0.3.4 | 261.01 | OK | |||
r-devel-linux-x86_64-fedora-gcc | 0.3.4 | 221.30 | OK | |||
r-devel-windows-x86_64 | 0.3.4 | 125.00 | 89.00 | 214.00 | OK | |
r-patched-linux-x86_64 | 0.3.4 | 102.04 | 35.51 | 137.55 | OK | |
r-release-linux-x86_64 | 0.3.4 | 100.80 | 35.79 | 136.59 | OK | |
r-release-macos-arm64 | 0.3.4 | 54.00 | OK | |||
r-release-macos-x86_64 | 0.3.4 | 75.00 | OK | |||
r-release-windows-x86_64 | 0.3.4 | 120.00 | 91.00 | 211.00 | OK | |
r-oldrel-macos-arm64 | 0.3.4 | 62.00 | NOTE | |||
r-oldrel-macos-x86_64 | 0.3.4 | 70.00 | OK | |||
r-oldrel-windows-ix86+x86_64 | 0.3.4 | 299.00 | 89.00 | 388.00 | OK |
Version: 0.3.4
Check: installed package size
Result: NOTE
installed size is 5.9Mb
sub-directories of 1Mb or more:
libs 5.6Mb
Flavor: r-oldrel-macos-arm64