CRAN Package Check Results for Package wordbankr

Last updated on 2021-11-28 05:49:51 CET.

Flavor Version Tinstall Tcheck Ttotal Status Flags
r-devel-linux-x86_64-debian-clang 0.3.1 OK
r-devel-linux-x86_64-debian-gcc 0.3.1 12.27 108.99 121.26 OK
r-devel-linux-x86_64-fedora-clang 0.3.1 211.71 NOTE
r-devel-linux-x86_64-fedora-gcc 0.3.1 190.01 NOTE
r-devel-windows-x86_64-new-UL 0.3.1 27.00 294.00 321.00 OK
r-devel-windows-x86_64-new-TK 0.3.1 NOTE
r-devel-windows-x86_64-old 0.3.1 21.00 289.00 310.00 OK
r-patched-linux-x86_64 0.3.1 14.87 137.73 152.60 OK
r-patched-solaris-x86 0.3.1 224.80 NOTE
r-release-linux-x86_64 0.3.1 14.06 136.90 150.96 OK
r-release-macos-arm64 0.3.1 NOTE
r-release-macos-x86_64 0.3.1 NOTE
r-release-windows-ix86+x86_64 0.3.1 36.00 240.00 276.00 OK
r-oldrel-macos-x86_64 0.3.1 NOTE
r-oldrel-windows-ix86+x86_64 0.3.1 36.00 281.00 317.00 OK

Check Details

Version: 0.3.1
Check: dependencies in R code
Result: NOTE
    Namespace in Imports field not imported from: ‘dbplyr’
     All declared Imports should be used.
Flavors: r-devel-linux-x86_64-fedora-clang, r-devel-linux-x86_64-fedora-gcc, r-devel-windows-x86_64-new-TK, r-patched-solaris-x86, r-release-macos-arm64, r-release-macos-x86_64, r-oldrel-macos-x86_64