CRAN Package Check Results for Package wpp2010

Last updated on 2019-09-16 05:47:11 CEST.

Flavor Version Tinstall Tcheck Ttotal Status Flags
r-devel-linux-x86_64-debian-clang 1.2-0 1.88 19.56 21.44 NOTE
r-devel-linux-x86_64-debian-gcc 1.2-0 1.35 16.59 17.94 NOTE
r-devel-linux-x86_64-fedora-clang 1.2-0 27.49 NOTE
r-devel-linux-x86_64-fedora-gcc 1.2-0 27.91 NOTE
r-devel-windows-ix86+x86_64 1.2-0 9.00 33.00 42.00 NOTE
r-patched-linux-x86_64 1.2-0 1.70 21.08 22.78 NOTE
r-patched-solaris-x86 1.2-0 43.40 NOTE
r-release-linux-x86_64 1.2-0 1.50 20.93 22.43 NOTE
r-release-windows-ix86+x86_64 1.2-0 6.00 46.00 52.00 NOTE
r-release-osx-x86_64 1.2-0 NOTE
r-oldrel-windows-ix86+x86_64 1.2-0 5.00 24.00 29.00 NOTE
r-oldrel-osx-x86_64 1.2-0 NOTE

Check Details

Version: 1.2-0
Check: DESCRIPTION meta-information
Result: NOTE
    Malformed Description field: should contain one or more complete sentences.
Flavors: r-devel-linux-x86_64-debian-clang, r-devel-linux-x86_64-debian-gcc, r-devel-linux-x86_64-fedora-clang, r-devel-linux-x86_64-fedora-gcc, r-devel-windows-ix86+x86_64, r-patched-linux-x86_64, r-patched-solaris-x86, r-release-linux-x86_64, r-release-windows-ix86+x86_64, r-release-osx-x86_64, r-oldrel-windows-ix86+x86_64, r-oldrel-osx-x86_64

Version: 1.2-0
Check: installed package size
Result: NOTE
     installed size is 6.7Mb
     sub-directories of 1Mb or more:
     data 6.6Mb
Flavors: r-devel-linux-x86_64-fedora-clang, r-devel-windows-ix86+x86_64, r-patched-solaris-x86, r-release-windows-ix86+x86_64, r-release-osx-x86_64, r-oldrel-windows-ix86+x86_64, r-oldrel-osx-x86_64