CRAN Package Check Results for Package wpp2017

Last updated on 2020-02-27 05:49:05 CET.

Flavor Version Tinstall Tcheck Ttotal Status Flags
r-devel-linux-x86_64-debian-clang 1.2-3 3.27 51.14 54.41 OK
r-devel-linux-x86_64-debian-gcc 1.2-3 2.52 41.35 43.87 OK
r-devel-linux-x86_64-fedora-clang 1.2-3 66.48 NOTE
r-devel-linux-x86_64-fedora-gcc 1.2-3 61.05 OK
r-devel-windows-ix86+x86_64 1.2-3 10.00 70.00 80.00 NOTE
r-devel-windows-ix86+x86_64-gcc8 1.2-3 10.00 72.00 82.00 NOTE
r-patched-linux-x86_64 1.2-3 2.56 46.10 48.66 OK
r-patched-solaris-x86 1.2-3 99.90 NOTE
r-release-linux-x86_64 1.2-3 2.85 45.17 48.02 OK
r-release-windows-ix86+x86_64 1.2-3 8.00 62.00 70.00 NOTE
r-release-osx-x86_64 1.2-3 NOTE
r-oldrel-windows-ix86+x86_64 1.2-3 7.00 45.00 52.00 NOTE
r-oldrel-osx-x86_64 1.2-3 NOTE

Check Details

Version: 1.2-3
Check: installed package size
Result: NOTE
     installed size is 11.6Mb
     sub-directories of 1Mb or more:
     data 11.4Mb
Flavors: r-devel-linux-x86_64-fedora-clang, r-devel-windows-ix86+x86_64, r-devel-windows-ix86+x86_64-gcc8, r-patched-solaris-x86, r-release-windows-ix86+x86_64, r-release-osx-x86_64, r-oldrel-windows-ix86+x86_64, r-oldrel-osx-x86_64