CRAN Package Check Results for Package wpp2017

Last updated on 2019-09-18 05:47:14 CEST.

Flavor Version Tinstall Tcheck Ttotal Status Flags
r-devel-linux-x86_64-debian-clang 1.2-1 2.06 46.55 48.61 OK
r-devel-linux-x86_64-debian-gcc 1.2-1 2.12 38.47 40.59 OK
r-devel-linux-x86_64-fedora-clang 1.2-1 58.25 NOTE
r-devel-linux-x86_64-fedora-gcc 1.2-1 55.76 OK
r-devel-windows-ix86+x86_64 1.2-1 12.00 62.00 74.00 NOTE
r-patched-linux-x86_64 1.2-1 2.07 45.00 47.07 OK
r-patched-solaris-x86 1.2-1 92.20 NOTE
r-release-linux-x86_64 1.2-1 2.15 45.88 48.03 OK
r-release-windows-ix86+x86_64 1.2-1 8.00 99.00 107.00 NOTE
r-release-osx-x86_64 1.2-1 NOTE
r-oldrel-windows-ix86+x86_64 1.2-1 8.00 36.00 44.00 NOTE
r-oldrel-osx-x86_64 1.2-1 NOTE

Check Details

Version: 1.2-1
Check: installed package size
Result: NOTE
     installed size is 11.6Mb
     sub-directories of 1Mb or more:
     data 11.4Mb
Flavors: r-devel-linux-x86_64-fedora-clang, r-devel-windows-ix86+x86_64, r-patched-solaris-x86, r-release-windows-ix86+x86_64, r-release-osx-x86_64, r-oldrel-windows-ix86+x86_64, r-oldrel-osx-x86_64