Last updated on 2023-12-11 05:52:12 CET.
Flavor | Version | Tinstall | Tcheck | Ttotal | Status | Flags |
---|---|---|---|---|---|---|
r-devel-linux-x86_64-debian-clang | 1.0.0 | 7.72 | 120.13 | 127.85 | NOTE | |
r-devel-linux-x86_64-debian-gcc | 1.0.0 | 6.69 | 91.36 | 98.05 | NOTE | |
r-devel-linux-x86_64-fedora-clang | 1.0.0 | 156.86 | OK | |||
r-devel-linux-x86_64-fedora-gcc | 1.0.0 | 166.33 | OK | |||
r-devel-windows-x86_64 | 1.0.0 | 10.00 | 113.00 | 123.00 | OK | |
r-patched-linux-x86_64 | 1.0.0 | 7.08 | 117.53 | 124.61 | OK | |
r-release-linux-x86_64 | 1.0.0 | 7.07 | 116.46 | 123.53 | OK | |
r-release-macos-arm64 | 1.0.0 | 56.00 | OK | |||
r-release-macos-x86_64 | 1.0.0 | 89.00 | OK | |||
r-release-windows-x86_64 | 1.0.0 | 12.00 | 135.00 | 147.00 | OK | |
r-oldrel-macos-arm64 | 1.0.0 | 52.00 | OK | |||
r-oldrel-macos-x86_64 | 1.0.0 | 69.00 | OK | |||
r-oldrel-windows-x86_64 | 1.0.0 | 12.00 | 125.00 | 137.00 | OK |
Version: 1.0.0
Check: Rd files
Result: NOTE
checkRd: (-1) wql-package.Rd:7: Lost braces
7 | \title{c("\\Sexpr[results=rd,stage=build]{tools:::Rd_package_title(\"#1\")}",
| ^
checkRd: (-1) wql-package.Rd:10: Lost braces
10 | c("\\Sexpr[results=rd,stage=build]{tools:::Rd_package_description(\"#1\")}",
| ^
checkRd: (-1) wql-package.Rd:61: Lost braces
61 | c("\\Sexpr[results=rd,stage=build]{tools:::Rd_package_author(\"#1\")}",
| ^
checkRd: (-1) wql-package.Rd:65: Lost braces
65 | c("\\Sexpr[results=rd,stage=build]{tools:::Rd_package_maintainer(\"#1\")}",
| ^
Flavors: r-devel-linux-x86_64-debian-clang, r-devel-linux-x86_64-debian-gcc