Last updated on 2022-08-09 05:55:58 CEST.
Flavor | Version | Tinstall | Tcheck | Ttotal | Status | Flags |
---|---|---|---|---|---|---|
r-devel-linux-x86_64-debian-clang | 0.1.1 | 172.00 | 47.76 | 219.76 | OK | |
r-devel-linux-x86_64-debian-gcc | 0.1.1 | 130.37 | 36.19 | 166.56 | OK | |
r-devel-linux-x86_64-fedora-clang | 0.1.1 | 345.20 | NOTE | |||
r-devel-linux-x86_64-fedora-gcc | 0.1.1 | 298.14 | NOTE | |||
r-devel-windows-x86_64 | 0.1.1 | 157.00 | 112.00 | 269.00 | OK | |
r-patched-linux-x86_64 | 0.1.1 | 117.38 | 44.31 | 161.69 | OK | |
r-release-linux-x86_64 | 0.1.1 | OK | ||||
r-release-macos-arm64 | 0.1.1 | 68.00 | NOTE | |||
r-release-macos-x86_64 | 0.1.1 | 112.00 | NOTE | |||
r-release-windows-x86_64 | 0.1.1 | 152.00 | 100.00 | 252.00 | OK | |
r-oldrel-macos-arm64 | 0.1.1 | 75.00 | NOTE | |||
r-oldrel-macos-x86_64 | 0.1.1 | 99.00 | NOTE | |||
r-oldrel-windows-ix86+x86_64 | 0.1.1 | 428.00 | 95.00 | 523.00 | OK |
Version: 0.1.1
Check: installed package size
Result: NOTE
installed size is 6.6Mb
sub-directories of 1Mb or more:
help 1.6Mb
libs 4.8Mb
Flavors: r-devel-linux-x86_64-fedora-clang, r-release-macos-arm64, r-release-macos-x86_64, r-oldrel-macos-arm64, r-oldrel-macos-x86_64
Version: 0.1.1
Check: dependencies in R code
Result: NOTE
Namespace in Imports field not imported from: ‘simts’
All declared Imports should be used.
Flavors: r-devel-linux-x86_64-fedora-clang, r-devel-linux-x86_64-fedora-gcc, r-release-macos-arm64, r-release-macos-x86_64, r-oldrel-macos-arm64, r-oldrel-macos-x86_64