CRAN Package Check Results for Package xLLiM

Last updated on 2024-06-23 06:56:46 CEST.

Flavor Version Tinstall Tcheck Ttotal Status Flags
r-devel-linux-x86_64-debian-clang 2.3 18.13 131.81 149.94 OK
r-devel-linux-x86_64-debian-gcc 2.3 12.49 95.90 108.39 OK
r-devel-linux-x86_64-fedora-clang 2.3 186.50 OK
r-devel-linux-x86_64-fedora-gcc 2.3 173.48 OK
r-devel-windows-x86_64 2.3 4.00 5.00 9.00 ERROR
r-patched-linux-x86_64 2.3 16.96 125.81 142.77 OK
r-release-linux-x86_64 2.3 11.42 127.28 138.70 OK
r-release-macos-arm64 2.3 48.00 OK
r-release-macos-x86_64 2.3 82.00 OK
r-release-windows-x86_64 2.3 16.00 107.00 123.00 OK
r-oldrel-macos-arm64 2.3 56.00 OK
r-oldrel-macos-x86_64 2.3 126.00 OK
r-oldrel-windows-x86_64 2.3 20.00 131.00 151.00 OK

Check Details

Version: 2.3
Check: whether package can be installed
Result: ERROR Installation failed. Flavor: r-devel-windows-x86_64