CRAN Package Check Results for Package xaringan

Last updated on 2020-04-09 05:48:56 CEST.

Flavor Version Tinstall Tcheck Ttotal Status Flags
r-devel-linux-x86_64-debian-clang 0.16 3.63 31.96 35.59 OK
r-devel-linux-x86_64-debian-gcc 0.16 2.51 25.79 28.30 OK
r-devel-linux-x86_64-fedora-clang 0.16 44.30 OK
r-devel-linux-x86_64-fedora-gcc 0.16 42.32 OK
r-devel-windows-ix86+x86_64 0.16 7.00 66.00 73.00 OK
r-devel-windows-ix86+x86_64-gcc8 0.15 9.00 47.00 56.00 OK
r-patched-linux-x86_64 0.16 3.27 31.21 34.48 OK
r-patched-solaris-x86 0.16 67.80 OK
r-release-linux-x86_64 0.16 2.64 29.21 31.85 OK
r-release-windows-ix86+x86_64 0.16 7.00 51.00 58.00 OK
r-release-osx-x86_64 0.16 OK
r-oldrel-windows-ix86+x86_64 0.16 7.00 64.00 71.00 OK
r-oldrel-osx-x86_64 0.15 ERROR

Check Details

Version: 0.15
Check: tests
Result: ERROR
     Running ‘test-all.R’ [1s/1s]
    Running the tests in ‘tests/test-all.R’ failed.
    Complete output:
     > library(testit)
     > test_pkg('xaringan')
     Error from (function (input, output_format = NULL, output_file = NULL, output_dir = NULL, ...
     Error: pandoc version 1.12.3 or higher is required and was not found (see the help page ?rmarkdown::pandoc_available).
     Execution halted
Flavor: r-oldrel-osx-x86_64