CRAN Package Check Results for Package xfun

Last updated on 2020-09-22 05:51:13 CEST.

Flavor Version Tinstall Tcheck Ttotal Status Flags
r-devel-linux-x86_64-debian-clang 0.17 4.79 34.41 39.20 OK
r-devel-linux-x86_64-debian-gcc 0.17 0.30 2.47 2.77 ERROR
r-devel-linux-x86_64-fedora-clang 0.17 64.67 OK
r-devel-linux-x86_64-fedora-gcc 0.17 60.38 OK
r-devel-windows-ix86+x86_64 0.17 12.00 61.00 73.00 OK
r-patched-linux-x86_64 0.17 4.33 34.41 38.74 OK
r-patched-solaris-x86 0.17 70.60 OK
r-release-linux-x86_64 0.17 4.10 34.46 38.56 OK
r-release-macos-x86_64 0.17 OK
r-release-windows-ix86+x86_64 0.17 13.00 73.00 86.00 OK
r-oldrel-macos-x86_64 0.17 OK
r-oldrel-windows-ix86+x86_64 0.17 9.00 73.00 82.00 OK

Additional issues

rchk

Check Details

Version: 0.17
Check: whether package can be installed
Result: ERROR
    Installation failed.
Flavor: r-devel-linux-x86_64-debian-gcc