CRAN Package Check Results for Package xgb2sql

Last updated on 2024-06-13 06:58:23 CEST.

Flavor Version Tinstall Tcheck Ttotal Status Flags
r-devel-linux-x86_64-debian-clang 0.1.2 3.17 44.85 48.02 NOTE
r-devel-linux-x86_64-debian-gcc 0.1.2 1.49 29.00 30.49 ERROR
r-devel-linux-x86_64-fedora-clang 0.1.2 60.57 NOTE
r-devel-linux-x86_64-fedora-gcc 0.1.2 69.62 NOTE
r-devel-windows-x86_64 0.1.2 3.00 54.00 57.00 NOTE
r-patched-linux-x86_64 0.1.2 3.23 42.35 45.58 NOTE
r-release-linux-x86_64 0.1.2 2.63 41.62 44.25 NOTE
r-release-macos-arm64 0.1.2 27.00 NOTE
r-release-macos-x86_64 0.1.2 41.00 NOTE
r-release-windows-x86_64 0.1.2 3.00 55.00 58.00 NOTE
r-oldrel-macos-arm64 0.1.2 30.00 NOTE
r-oldrel-macos-x86_64 0.1.2 45.00 NOTE
r-oldrel-windows-x86_64 0.1.2 3.00 57.00 60.00 NOTE

Check Details

Version: 0.1.2
Check: LazyData
Result: NOTE 'LazyData' is specified without a 'data' directory Flavors: r-devel-linux-x86_64-debian-clang, r-devel-linux-x86_64-debian-gcc, r-devel-linux-x86_64-fedora-clang, r-devel-linux-x86_64-fedora-gcc, r-devel-windows-x86_64, r-patched-linux-x86_64, r-release-linux-x86_64, r-release-macos-arm64, r-release-macos-x86_64, r-release-windows-x86_64, r-oldrel-macos-arm64, r-oldrel-macos-x86_64, r-oldrel-windows-x86_64

Version: 0.1.2
Check: for non-standard things in the check directory
Result: NOTE Found the following files/directories: ‘xgb.txt’ Flavors: r-devel-linux-x86_64-debian-clang, r-devel-linux-x86_64-fedora-clang, r-devel-linux-x86_64-fedora-gcc, r-patched-linux-x86_64, r-release-linux-x86_64

Version: 0.1.2
Check: package dependencies
Result: NOTE Package suggested but not available for checking: ‘ggplot2’ Flavor: r-devel-linux-x86_64-debian-gcc

Version: 0.1.2
Check: examples
Result: ERROR Running examples in ‘xgb2sql-Ex.R’ failed The error most likely occurred in: > base::assign(".ptime", proc.time(), pos = "CheckExEnv") > ### Name: booster2sql > ### Title: Transform XGBoost model object to SQL query. > ### Aliases: booster2sql > > ### ** Examples > > library(xgboost) > # load data > df = data.frame(ggplot2::diamonds) Error in loadNamespace(x) : there is no package called ‘ggplot2’ Calls: data.frame ... loadNamespace -> withRestarts -> withOneRestart -> doWithOneRestart Execution halted Flavor: r-devel-linux-x86_64-debian-gcc

Version: 0.1.2
Check: re-building of vignette outputs
Result: ERROR Error(s) in re-building vignettes: ... --- re-building ‘xgb2sql.Rmd’ using rmarkdown Quitting from lines 62-67 [unnamed-chunk-1] (xgb2sql.Rmd) Error: processing vignette 'xgb2sql.Rmd' failed with diagnostics: there is no package called 'ggplot2' --- failed re-building ‘xgb2sql.Rmd’ SUMMARY: processing the following file failed: ‘xgb2sql.Rmd’ Error: Vignette re-building failed. Execution halted Flavor: r-devel-linux-x86_64-debian-gcc