CRAN Package Check Results for Package xgboost

Last updated on 2020-09-22 05:51:13 CEST.

Flavor Version Tinstall Tcheck Ttotal Status Flags
r-devel-linux-x86_64-debian-clang 1.2.0.1 182.62 234.26 416.88 NOTE
r-devel-linux-x86_64-debian-gcc 1.2.0.1 0.82 3.06 3.88 ERROR
r-devel-linux-x86_64-fedora-clang 1.2.0.1 431.58 NOTE
r-devel-linux-x86_64-fedora-gcc 1.2.0.1 583.07 NOTE
r-devel-windows-ix86+x86_64 1.2.0.1 357.00 315.00 672.00 NOTE
r-patched-linux-x86_64 1.2.0.1 210.50 214.90 425.40 NOTE
r-patched-solaris-x86 1.2.0.1 554.00 NOTE
r-release-linux-x86_64 1.2.0.1 205.44 212.35 417.79 NOTE
r-release-macos-x86_64 1.2.0.1 WARN
r-release-windows-ix86+x86_64 1.2.0.1 356.00 384.00 740.00 NOTE
r-oldrel-macos-x86_64 1.2.0.1 NOTE
r-oldrel-windows-ix86+x86_64 1.2.0.1 276.00 423.00 699.00 NOTE

Check Details

Version: 1.2.0.1
Check: for GNU extensions in Makefiles
Result: NOTE
    GNU make is a SystemRequirements.
Flavors: r-devel-linux-x86_64-debian-clang, r-devel-linux-x86_64-fedora-clang, r-devel-linux-x86_64-fedora-gcc, r-devel-windows-ix86+x86_64, r-patched-linux-x86_64, r-patched-solaris-x86, r-release-linux-x86_64, r-release-macos-x86_64, r-release-windows-ix86+x86_64, r-oldrel-macos-x86_64, r-oldrel-windows-ix86+x86_64

Version: 1.2.0.1
Check: whether package can be installed
Result: ERROR
    Installation failed.
Flavor: r-devel-linux-x86_64-debian-gcc

Version: 1.2.0.1
Check: installed package size
Result: NOTE
     installed size is 40.4Mb
     sub-directories of 1Mb or more:
     libs 39.6Mb
Flavors: r-devel-linux-x86_64-fedora-clang, r-devel-windows-ix86+x86_64, r-release-macos-x86_64, r-release-windows-ix86+x86_64, r-oldrel-macos-x86_64, r-oldrel-windows-ix86+x86_64

Version: 1.2.0.1
Check: whether package can be installed
Result: WARN
    Found the following significant warnings:
     WARNING: OpenMP is unavailable on this Mac OSX system. Training speed may be suboptimal.
Flavor: r-release-macos-x86_64